{"id":525,"date":"2026-04-08T11:54:29","date_gmt":"2026-04-08T14:54:29","guid":{"rendered":"https:\/\/sitexis.com.br\/infinity2\/?page_id=525"},"modified":"2026-04-08T15:53:04","modified_gmt":"2026-04-08T18:53:04","slug":"faq","status":"publish","type":"page","link":"https:\/\/sitexis.com.br\/infinity2\/faq\/","title":{"rendered":"FAQ"},"content":{"rendered":"\t\t<div data-elementor-type=\"wp-page\" data-elementor-id=\"525\" class=\"elementor elementor-525\" data-elementor-post-type=\"page\">\n\t\t\t\t<div class=\"elementor-element elementor-element-7718607 e-flex e-con-boxed e-con e-parent\" data-id=\"7718607\" data-element_type=\"container\" data-e-type=\"container\" data-settings=\"{&quot;background_background&quot;:&quot;classic&quot;}\">\n\t\t\t\t\t<div class=\"e-con-inner\">\n\t\t\t\t\t<\/div>\n\t\t\t\t<\/div>\n\t\t<div class=\"elementor-element elementor-element-f3e5849 e-flex e-con-boxed e-con e-parent\" data-id=\"f3e5849\" data-element_type=\"container\" data-e-type=\"container\" data-settings=\"{&quot;background_background&quot;:&quot;classic&quot;}\">\n\t\t\t\t\t<div class=\"e-con-inner\">\n\t\t\t\t<div class=\"elementor-element elementor-element-24807f7 elementor-widget elementor-widget-html\" data-id=\"24807f7\" data-element_type=\"widget\" data-e-type=\"widget\" data-widget_type=\"html.default\">\n\t\t\t\t\t<style>\r\n  \/* ==========================================================================\r\n     FAQ INFINITY BON\u00c9S - UNIQUE SCOPED CSS\r\n     ========================================================================== *\/\r\n\r\n  @import url('https:\/\/fonts.googleapis.com\/css2?family=Roboto:wght@400;500;700;800&display=swap');\r\n\r\n  \/* Base & Vari\u00e1veis Isoladas *\/\r\n  .ifb-faq-section {\r\n    --ifb-faq-primary: #E79917 !important; \r\n    --ifb-faq-dark: #15181E !important; \r\n    --ifb-faq-cardbg: #ffffff !important;\r\n    --ifb-faq-bg: #fafafa !important;\r\n    --ifb-faq-muted: #666666 !important;\r\n    --ifb-faq-border: #e5e7eb !important;\r\n\r\n    background-color: var(--ifb-faq-bg) !important;\r\n    color: var(--ifb-faq-dark) !important;\r\n    font-family: 'Roboto', system-ui, -apple-system, sans-serif !important;\r\n    padding: 80px 20px !important;\r\n    display: flex !important;\r\n    flex-direction: column !important;\r\n    align-items: center !important;\r\n    box-sizing: border-box !important;\r\n    width: 100% !important;\r\n  }\r\n\r\n  .ifb-faq-section * {\r\n    box-sizing: border-box !important;\r\n    margin: 0 !important;\r\n    padding: 0 !important;\r\n  }\r\n\r\n  \/* Cabe\u00e7alho do FAQ *\/\r\n  .ifb-faq-header {\r\n    text-align: center !important;\r\n    margin-bottom: 50px !important;\r\n    max-width: 800px !important;\r\n  }\r\n\r\n  .ifb-faq-header h2 {\r\n    font-size: 36px !important;\r\n    font-weight: 800 !important;\r\n    color: var(--ifb-faq-dark) !important;\r\n    margin-bottom: 15px !important;\r\n    letter-spacing: -1px !important;\r\n    line-height: 1.2 !important;\r\n  }\r\n\r\n  .ifb-faq-header h2 span {\r\n    color: var(--ifb-faq-primary) !important;\r\n  }\r\n\r\n  .ifb-faq-header p {\r\n    color: var(--ifb-faq-muted) !important;\r\n    font-size: 16px !important;\r\n    font-weight: 400 !important;\r\n    line-height: 1.6 !important;\r\n  }\r\n\r\n  \/* Container da Sanfona *\/\r\n  .ifb-faq-container {\r\n    width: 100% !important;\r\n    max-width: 800px !important;\r\n    display: flex !important;\r\n    flex-direction: column !important;\r\n    gap: 15px !important;\r\n  }\r\n\r\n  \/* Item Individual do FAQ (Details) *\/\r\n  .ifb-faq-item {\r\n    background-color: var(--ifb-faq-cardbg) !important;\r\n    border: 1px solid var(--ifb-faq-border) !important;\r\n    border-radius: 12px !important;\r\n    box-shadow: 0 4px 15px rgba(21, 24, 30, 0.03) !important;\r\n    overflow: hidden !important;\r\n    transition: all 0.3s ease !important;\r\n  }\r\n\r\n  .ifb-faq-item:hover {\r\n    border-color: rgba(231, 153, 23, 0.4) !important;\r\n    box-shadow: 0 6px 20px rgba(231, 153, 23, 0.08) !important;\r\n  }\r\n\r\n  \/* T\u00edtulo da Pergunta (Summary) *\/\r\n  .ifb-faq-item summary {\r\n    padding: 25px 30px !important;\r\n    font-size: 18px !important;\r\n    font-weight: 700 !important;\r\n    color: var(--ifb-faq-dark) !important;\r\n    cursor: pointer !important;\r\n    list-style: none !important;\r\n    display: flex !important;\r\n    justify-content: space-between !important;\r\n    align-items: center !important;\r\n    user-select: none !important;\r\n    transition: color 0.3s ease !important;\r\n  }\r\n\r\n  \/* Remove a setinha padr\u00e3o do HTML nos navegadores webkit *\/\r\n  .ifb-faq-item summary::-webkit-details-marker {\r\n    display: none !important;\r\n  }\r\n\r\n  \/* \u00cdcone de Seta (+) *\/\r\n  .ifb-faq-icon {\r\n    flex-shrink: 0 !important;\r\n    width: 24px !important;\r\n    height: 24px !important;\r\n    display: flex !important;\r\n    align-items: center !important;\r\n    justify-content: center !important;\r\n    color: var(--ifb-faq-primary) !important;\r\n    transition: transform 0.3s ease !important;\r\n  }\r\n\r\n  .ifb-faq-icon svg {\r\n    width: 100% !important;\r\n    height: 100% !important;\r\n    fill: none !important;\r\n    stroke: currentColor !important;\r\n    stroke-width: 2.5 !important;\r\n    stroke-linecap: round !important;\r\n    stroke-linejoin: round !important;\r\n  }\r\n\r\n  \/* Estado Aberto (Gira o \u00cdcone e muda a cor da pergunta) *\/\r\n  .ifb-faq-item[open] summary {\r\n    color: var(--ifb-faq-primary) !important;\r\n    padding-bottom: 15px !important; \/* Reduz padding para aproximar do texto *\/\r\n  }\r\n\r\n  .ifb-faq-item[open] .ifb-faq-icon {\r\n    transform: rotate(180deg) !important;\r\n  }\r\n\r\n  \/* Resposta da Pergunta *\/\r\n  .ifb-faq-content {\r\n    padding: 0 30px 25px 30px !important;\r\n    font-size: 15px !important;\r\n    color: var(--ifb-faq-muted) !important;\r\n    line-height: 1.6 !important;\r\n    border-top: none !important;\r\n  }\r\n\r\n  .ifb-faq-content p {\r\n    margin-bottom: 10px !important;\r\n  }\r\n  \r\n  .ifb-faq-content p:last-child {\r\n    margin-bottom: 0 !important;\r\n  }\r\n\r\n  .ifb-faq-content strong {\r\n    color: var(--ifb-faq-dark) !important;\r\n  }\r\n\r\n  \/* Caixa de Contato Extra (Ao final do FAQ) *\/\r\n  .ifb-faq-contact-box {\r\n    margin-top: 50px !important;\r\n    background-color: var(--ifb-faq-cardbg) !important;\r\n    border: 1px dashed #d1d5db !important;\r\n    border-radius: 12px !important;\r\n    padding: 30px !important;\r\n    text-align: center !important;\r\n    max-width: 800px !important;\r\n    width: 100% !important;\r\n  }\r\n\r\n  .ifb-faq-contact-box h4 {\r\n    font-size: 18px !important;\r\n    font-weight: 700 !important;\r\n    color: var(--ifb-faq-dark) !important;\r\n    margin-bottom: 10px !important;\r\n  }\r\n\r\n  .ifb-faq-contact-box p {\r\n    font-size: 15px !important;\r\n    color: var(--ifb-faq-muted) !important;\r\n    margin-bottom: 20px !important;\r\n  }\r\n\r\n  .ifb-faq-wpp-link {\r\n    display: inline-flex !important;\r\n    align-items: center !important;\r\n    gap: 8px !important;\r\n    background-color: #25D366 !important;\r\n    color: #ffffff !important;\r\n    font-weight: 700 !important;\r\n    text-decoration: none !important;\r\n    padding: 12px 25px !important;\r\n    border-radius: 8px !important;\r\n    transition: background-color 0.3s ease, transform 0.2s ease !important;\r\n  }\r\n\r\n  .ifb-faq-wpp-link:hover {\r\n    background-color: #128C7E !important;\r\n    transform: scale(1.02) !important;\r\n  }\r\n\r\n  \/* Responsividade *\/\r\n  @media (max-width: 768px) {\r\n    .ifb-faq-item summary {\r\n      padding: 20px !important;\r\n      font-size: 16px !important;\r\n    }\r\n    .ifb-faq-content {\r\n      padding: 0 20px 20px 20px !important;\r\n    }\r\n  }\r\n<\/style>\r\n\r\n<div class=\"ifb-faq-section\">\r\n\r\n  <div class=\"ifb-faq-header\">\r\n    <h2>D\u00favidas Frequentes <span>(FAQ)<\/span><\/h2>\r\n    <p>Tudo o que voc\u00ea precisa saber antes de fechar o seu pedido de bon\u00e9s personalizados com a nossa f\u00e1brica.<\/p>\r\n  <\/div>\r\n\r\n  <div class=\"ifb-faq-container\">\r\n\r\n    <details class=\"ifb-faq-item\" name=\"faq-accordion\">\r\n      <summary>\r\n        Qual \u00e9 o pedido m\u00ednimo?\r\n        <span class=\"ifb-faq-icon\">\r\n          <svg viewBox=\"0 0 24 24\"><polyline points=\"6 9 12 15 18 9\"><\/polyline><\/svg>\r\n        <\/span>\r\n      <\/summary>\r\n      <div class=\"ifb-faq-content\">\r\n        <p>O nosso pedido m\u00ednimo \u00e9 de <strong>apenas 5 unidades<\/strong> por modelo\/cor.<\/p>\r\n        <p>Como somos uma ind\u00fastria, conseguimos oferecer escalabilidade. Quanto maior a quantidade do seu pedido (acima de 15, 30, 50 ou 100 unidades), menor ser\u00e1 o pre\u00e7o unit\u00e1rio do seu bon\u00e9, garantindo o melhor custo-benef\u00edcio para revenda ou fardamento.<\/p>\r\n      <\/div>\r\n    <\/details>\r\n\r\n    <details class=\"ifb-faq-item\" name=\"faq-accordion\">\r\n      <summary>\r\n        Posso ver como o bon\u00e9 vai ficar antes de produzir?\r\n        <span class=\"ifb-faq-icon\">\r\n          <svg viewBox=\"0 0 24 24\"><polyline points=\"6 9 12 15 18 9\"><\/polyline><\/svg>\r\n        <\/span>\r\n      <\/summary>\r\n      <div class=\"ifb-faq-content\">\r\n        <p><strong>Com certeza!<\/strong> Nenhuma pe\u00e7a entra em produ\u00e7\u00e3o sem a sua aprova\u00e7\u00e3o. <\/p>\r\n        <p>Logo ap\u00f3s o envio da sua arte ou logomarca, criamos um <strong>prot\u00f3tipo virtual (mockup)<\/strong> de alta fidelidade para que voc\u00ea veja exatamente como o design ficar\u00e1 no modelo de bon\u00e9 escolhido. O processo \u00e9 100% transparente.<\/p>\r\n      <\/div>\r\n    <\/details>\r\n\r\n    <details class=\"ifb-faq-item\" name=\"faq-accordion\">\r\n      <summary>\r\n        Qual \u00e9 o prazo de fabrica\u00e7\u00e3o e entrega?\r\n        <span class=\"ifb-faq-icon\">\r\n          <svg viewBox=\"0 0 24 24\"><polyline points=\"6 9 12 15 18 9\"><\/polyline><\/svg>\r\n        <\/span>\r\n      <\/summary>\r\n      <div class=\"ifb-faq-content\">\r\n        <p>O prazo de produ\u00e7\u00e3o na nossa f\u00e1brica \u00e9 de <strong>7 a 14 dias \u00fateis<\/strong>, contados a partir da aprova\u00e7\u00e3o do mockup virtual e confirma\u00e7\u00e3o do pagamento.<\/p>\r\n        <p>Ap\u00f3s a produ\u00e7\u00e3o, o pedido \u00e9 despachado via transportadora ou Correios. O prazo total m\u00e9dio at\u00e9 chegar na sua porta varia entre <strong>20 a 25 dias \u00fateis<\/strong>, dependendo da sua regi\u00e3o do Brasil. Voc\u00ea receber\u00e1 um c\u00f3digo de rastreamento para acompanhar a viagem.<\/p>\r\n      <\/div>\r\n    <\/details>\r\n\r\n    <details class=\"ifb-faq-item\" name=\"faq-accordion\">\r\n      <summary>\r\n        Quais os formatos de arquivo aceitos para a logomarca?\r\n        <span class=\"ifb-faq-icon\">\r\n          <svg viewBox=\"0 0 24 24\"><polyline points=\"6 9 12 15 18 9\"><\/polyline><\/svg>\r\n        <\/span>\r\n      <\/summary>\r\n      <div class=\"ifb-faq-content\">\r\n        <p>Para garantir a m\u00e1xima resolu\u00e7\u00e3o na aplica\u00e7\u00e3o, recomendamos o envio em formatos vetoriais: <strong>.PDF, .SVG, .AI ou .CDR<\/strong>.<\/p>\r\n        <p>Tamb\u00e9m aceitamos imagens em formato <strong>.PNG<\/strong> com fundo transparente, desde que estejam em alta qualidade (m\u00ednimo de 300 dpi). Se a sua arte precisar de ajustes, nossa equipe t\u00e9cnica far\u00e1 as adequa\u00e7\u00f5es necess\u00e1rias.<\/p>\r\n      <\/div>\r\n    <\/details>\r\n\r\n    <details class=\"ifb-faq-item\" name=\"faq-accordion\">\r\n      <summary>\r\n        Posso misturar cores de bon\u00e9s no mesmo pedido?\r\n        <span class=\"ifb-faq-icon\">\r\n          <svg viewBox=\"0 0 24 24\"><polyline points=\"6 9 12 15 18 9\"><\/polyline><\/svg>\r\n        <\/span>\r\n      <\/summary>\r\n      <div class=\"ifb-faq-content\">\r\n        <p>Sim! O pedido m\u00ednimo \u00e9 de 5 unidades, o que significa que a cada 5 bon\u00e9s voc\u00ea pode escolher uma cor diferente do mesmo modelo, sem pagar nada a mais por isso, desde que a logomarca e o modelo de bon\u00e9 permane\u00e7am os mesmos.<\/p>\r\n      <\/div>\r\n    <\/details>\r\n\r\n    <details class=\"ifb-faq-item\" name=\"faq-accordion\">\r\n      <summary>\r\n        Quais s\u00e3o as formas de pagamento?\r\n        <span class=\"ifb-faq-icon\">\r\n          <svg viewBox=\"0 0 24 24\"><polyline points=\"6 9 12 15 18 9\"><\/polyline><\/svg>\r\n        <\/span>\r\n      <\/summary>\r\n      <div class=\"ifb-faq-content\">\r\n        <p>Nosso ambiente de pagamento \u00e9 protegido (SSL) e aceitamos as principais formas de pagamento do mercado:<\/p>\r\n        <p>\u2022 <strong>Pix<\/strong> (Aprova\u00e7\u00e3o imediata e envio mais r\u00e1pido para produ\u00e7\u00e3o).<br>\r\n        \u2022 <strong>Cart\u00e3o de Cr\u00e9dito<\/strong> (Parcelamento dispon\u00edvel).<br>\r\n        \u2022 <strong>Boleto Banc\u00e1rio<\/strong>.<\/p>\r\n      <\/div>\r\n    <\/details>\r\n\r\n  <\/div>\r\n\r\n  <div class=\"ifb-faq-contact-box\">\r\n    <h4>Ainda n\u00e3o encontrou o que procurava?<\/h4>\r\n    <p>Nossa equipe t\u00e9cnica est\u00e1 de prontid\u00e3o no WhatsApp para tirar qualquer d\u00favida sobre tecidos, artes ou or\u00e7amentos para grandes volumes.<\/p>\r\n    \r\n    <a href=\"#\" class=\"ifb-faq-wpp-link\">\r\n      <svg width=\"20\" height=\"20\" viewBox=\"0 0 24 24\" fill=\"none\" stroke=\"currentColor\" stroke-width=\"2\" stroke-linecap=\"round\" stroke-linejoin=\"round\">\r\n        <path d=\"M22 16.92v3a2 2 0 0 1-2.18 2 19.79 19.79 0 0 1-8.63-3.07 19.5 19.5 0 0 1-6-6 19.79 19.79 0 0 1-3.07-8.67A2 2 0 0 1 4.11 2h3a2 2 0 0 1 2 1.72 12.84 12.84 0 0 0 .7 2.81 2 2 0 0 1-.45 2.11L8.09 9.91a16 16 0 0 0 6 6l1.27-1.27a2 2 0 0 1 2.11-.45 12.84 12.84 0 0 0 2.81.7A2 2 0 0 1 22 16.92z\"><\/path>\r\n      <\/svg>\r\n      Falar com a F\u00e1brica\r\n    <\/a>\r\n  <\/div>\r\n\r\n<\/div>\t\t\t\t<\/div>\n\t\t\t\t\t<\/div>\n\t\t\t\t<\/div>\n\t\t\t\t<\/div>\n\t\t","protected":false},"excerpt":{"rendered":"<p>D\u00favidas Frequentes (FAQ) Tudo o que voc\u00ea precisa saber antes de fechar o seu pedido de bon\u00e9s personalizados com a nossa f\u00e1brica. Qual \u00e9 o pedido m\u00ednimo? O nosso pedido m\u00ednimo \u00e9 de apenas 5 unidades por modelo\/cor. Como somos uma ind\u00fastria, conseguimos oferecer escalabilidade. Quanto maior a quantidade do seu pedido (acima de 15, [&hellip;]<\/p>\n","protected":false},"author":1,"featured_media":0,"parent":0,"menu_order":0,"comment_status":"closed","ping_status":"closed","template":"","meta":{"footnotes":""},"class_list":["post-525","page","type-page","status-publish","hentry"],"_links":{"self":[{"href":"https:\/\/sitexis.com.br\/infinity2\/wp-json\/wp\/v2\/pages\/525","targetHints":{"allow":["GET"]}}],"collection":[{"href":"https:\/\/sitexis.com.br\/infinity2\/wp-json\/wp\/v2\/pages"}],"about":[{"href":"https:\/\/sitexis.com.br\/infinity2\/wp-json\/wp\/v2\/types\/page"}],"author":[{"embeddable":true,"href":"https:\/\/sitexis.com.br\/infinity2\/wp-json\/wp\/v2\/users\/1"}],"replies":[{"embeddable":true,"href":"https:\/\/sitexis.com.br\/infinity2\/wp-json\/wp\/v2\/comments?post=525"}],"version-history":[{"count":10,"href":"https:\/\/sitexis.com.br\/infinity2\/wp-json\/wp\/v2\/pages\/525\/revisions"}],"predecessor-version":[{"id":564,"href":"https:\/\/sitexis.com.br\/infinity2\/wp-json\/wp\/v2\/pages\/525\/revisions\/564"}],"wp:attachment":[{"href":"https:\/\/sitexis.com.br\/infinity2\/wp-json\/wp\/v2\/media?parent=525"}],"curies":[{"name":"wp","href":"https:\/\/api.w.org\/{rel}","templated":true}]}}