{"id":62,"date":"2017-01-26T19:08:34","date_gmt":"2017-01-26T21:08:34","guid":{"rendered":"https:\/\/sitexis.com.br\/joaofiel\/?page_id=62"},"modified":"2017-01-27T12:03:45","modified_gmt":"2017-01-27T14:03:45","slug":"consulte-seu-fuso","status":"publish","type":"page","link":"https:\/\/sitexis.com.br\/joaofiel\/consulte-seu-fuso\/","title":{"rendered":"Consulte seu fuso"},"content":{"rendered":"<div class=\"container\"><div class=\"row \">\n<div class=\"col-lg-12 col-md-12 col-xs-12 col-sm-12\">\n<h2><b>Fuso-Hor\u00e1rio<\/b><\/h2>\n<p>Confira abaixo o fuso-hor\u00e1rio do seu local desejado.<br \/>\n<iframe scrolling=\"no\" frameborder=\"no\" clocktype=\\\"html5\\\" style=\"overflow:hidden;border:0;margin:0;padding:0;width:1200px;height:650px;\" src=\"http:\/\/www.clocklink.com\/clocks\/HTML5\/html5-world.html?Cape_Town&#038;Bangui&#038;Rio_de_Janeiro&#038;1200&#038;blue\"><\/iframe><\/p>\n<h2><b>Aten\u00e7\u00e3o<\/b><\/h2>\n<p><b>N\u00e3o perca o hor\u00e1rio de seu v\u00f4o, fique atento(a) ao fuso de cada local.<\/b><br \/>\nOutras dicas voc\u00ea encontra em nossa aba de <b>servi\u00e7os<\/b>.<\/p>\n<\/div>\n<\/div><\/div>\n","protected":false},"excerpt":{"rendered":"","protected":false},"author":1,"featured_media":0,"parent":0,"menu_order":0,"comment_status":"closed","ping_status":"closed","template":"","meta":{"_monsterinsights_skip_tracking":false,"_monsterinsights_sitenote_active":false,"_monsterinsights_sitenote_note":"","_monsterinsights_sitenote_category":0,"footnotes":""},"class_list":["post-62","page","type-page","status-publish","hentry"],"_links":{"self":[{"href":"https:\/\/sitexis.com.br\/joaofiel\/wp-json\/wp\/v2\/pages\/62","targetHints":{"allow":["GET"]}}],"collection":[{"href":"https:\/\/sitexis.com.br\/joaofiel\/wp-json\/wp\/v2\/pages"}],"about":[{"href":"https:\/\/sitexis.com.br\/joaofiel\/wp-json\/wp\/v2\/types\/page"}],"author":[{"embeddable":true,"href":"https:\/\/sitexis.com.br\/joaofiel\/wp-json\/wp\/v2\/users\/1"}],"replies":[{"embeddable":true,"href":"https:\/\/sitexis.com.br\/joaofiel\/wp-json\/wp\/v2\/comments?post=62"}],"version-history":[{"count":3,"href":"https:\/\/sitexis.com.br\/joaofiel\/wp-json\/wp\/v2\/pages\/62\/revisions"}],"predecessor-version":[{"id":199,"href":"https:\/\/sitexis.com.br\/joaofiel\/wp-json\/wp\/v2\/pages\/62\/revisions\/199"}],"wp:attachment":[{"href":"https:\/\/sitexis.com.br\/joaofiel\/wp-json\/wp\/v2\/media?parent=62"}],"curies":[{"name":"wp","href":"https:\/\/api.w.org\/{rel}","templated":true}]}}