{"id":658,"date":"2017-04-20T13:49:10","date_gmt":"2017-04-20T16:49:10","guid":{"rendered":"https:\/\/sitexis.com.br\/joaofiel\/?page_id=658"},"modified":"2017-04-21T07:54:54","modified_gmt":"2017-04-21T10:54:54","slug":"check-list-bagagem","status":"publish","type":"page","link":"https:\/\/sitexis.com.br\/joaofiel\/check-list-bagagem\/","title":{"rendered":"Check List Bagagem"},"content":{"rendered":"<p>SUPER IMPORTANTE.. IMPRIMA, VALE PENA PARA TODAS AS VIAGENS !!<\/p>\n<p>Quando nos organizamos para uma viagem mais longa do que uma semana, \u00e9 preciso se certificar de que tudo ir\u00e1 funcionar bem durante a sua aus\u00eancia, seja no ramo pessoal ou profissional.<\/p>\n<p>Em ritmo de reta final, vou descrever os \u00faltimos preparativos. Afinal de contas, daqui a alguns dias estar\u00e3o embarcando no Navio!<\/p>\n<p>1) Organiza\u00e7\u00e3o pessoal<\/p>\n<p>Para n\u00e3o me esquecer de nada, achei melhor criar um check-list do que precisa ser feito. Os itens s\u00e3o fruto de minha experi\u00eancia e necessidades, e poder\u00e3o orient\u00e1-los durante os preparativos de uma viagem.<\/p>\n<p>1) Organizar os documentos originais necess\u00e1rios para a viagem em uma pasta. Por exemplo: passaporte, carteira de motorista, comprovante de hospedagem, endere\u00e7os importantes no local de destino, documento com dados de contato no Brasil, receitas m\u00e9dicas, contrato do seguro sa\u00fade, documentos de seguros extras (bagagem, autom\u00f3vel);<br \/>\n2) Coloque a pasta de documentos originais na bagagem de m\u00e3o;<br \/>\n3) Separe dois conjuntos de c\u00f3pias de todos os documentos;<br \/>\n4) Deixe uma c\u00f3pia em casa ou com um familiar e a outra leve na bagagem despachada;<br \/>\n5) Comprar moeda estrangeira na Confidence C\u00e2mbio;<br \/>\n6) Solicite a casa de c\u00e2mbio Confidence C\u00e2mbio notas menores e trocadas, pois s\u00e3o mais aceitas e f\u00e1ceis de trocar nos estabelecimentos comerciais;<br \/>\n7) Separe o dinheiro de viagem em carteiras diferentes: uma parte vai dentro da bagagem de m\u00e3o e a outra vai junto ao corpo;<br \/>\n8) Ligar para as administradoras de cart\u00e3o de cr\u00e9dito para liberar os cart\u00f5es de cr\u00e9dito internacionais durante a viagem;<br \/>\n9) Verifique se o limite em moeda estrangeira \u00e9 suficiente para a viagem com margem para imprevistos;<br \/>\n10) Habilitar o celular para liga\u00e7\u00f5es internacionais. Verificar os pacotes de voz e dados dispon\u00edveis pelas operadoras;<br \/>\n11) Montar um kit de medicamentos b\u00e1sicos para a viagem. Separar em um n\u00e9cessaire: micropore, band-aid, antiinflamat\u00f3rio, analg\u00e9sico, antit\u00e9rmico, antigripal, antial\u00e9rgico, anti\u00e1cidos, rem\u00e9dios para problemas intestinais, para c\u00f3licas, para ressaca, pomada para curativos;<br \/>\n12) Em caso de dieta especial, separar alimentos espec\u00edficos que precisam ser levados na bagagem despachada, para o consumo durante o per\u00edodo de viagem;<br \/>\n13) Identificar as bagagens;<br \/>\n14) Para a bagagem de m\u00e3o: Levar guia de viagem sobre o pa\u00eds de destino, um pequeno dicion\u00e1rio, mapas e endere\u00e7os de destino;<br \/>\n15) Levar uma troca de roupa, para situa\u00e7\u00f5es de imprevistos (bagagem extraviada, se sujar durante o v\u00f4o);<br \/>\n16) Separar os equipamentos eletr\u00f4nicos (cabos, adaptadores, baterias e carregadores);<br \/>\n17) Separar os equipamentos que podem ser carregados na bagagem de m\u00e3o e os que podem ir na bagagem despachada;<br \/>\n18) Levar casaco, apoio de cabe\u00e7a e m\u00e1scara de dormir, para uso durante o v\u00f4o.<br \/>\n19) Separar produtos de higiene pessoal.<br \/>\n20) Colocar apenas os itens necess\u00e1rios na bagagem de m\u00e3o;<br \/>\n21) Se atentar \u00e0s regras das companhias a\u00e9reas para os itens e quantidades que s\u00e3o permitidas na bagagem de m\u00e3o, seguindo as orienta\u00e7\u00f5es descritas no site da sua companhia a\u00e9rea que viaja.<br \/>\n22) Levar um pequeno kit de costura para imprevistos;<br \/>\n23) Cancelar temporariamente assinatura de revistas e jornais;<br \/>\n24) Colocar contas que vencem durante o per\u00edodo de aus\u00eancia em d\u00e9bito autom\u00e1tico.<br \/>\n25) Se voc\u00ea n\u00e3o dominar o idioma do pa\u00eds de destino, fa\u00e7a um documento com as perguntas e respostas rotineiras, no idioma do pa\u00eds de destino ou em ingl\u00eas, como por exemplo: perguntas comuns feitas pelos oficiais da imigra\u00e7\u00e3o, quanto custa algo, como fazer para chegar a um lugar, como pedir algo para comer, como pedir ajuda, etc.<br \/>\n26) Voc\u00ea pode usar o Google Tradutor que \u00e9 gratuito e apesar de n\u00e3o ser exato \u00e9 considerado um dos melhores atualmente. Site: http:\/\/translate.google.com.br\/#<br \/>\n27) Voc\u00ea tamb\u00e9m pode comprar um Guia de Conversa\u00e7\u00e3o para Viagens no idioma do pa\u00eds de destino que ir\u00e1 viajar.<br \/>\n28) Tenha sempre \u00e0 m\u00e3o alguns telefones e endere\u00e7os \u00fateis no Brasil e no pa\u00eds de destino para o caso de emerg\u00eancia. Por exemplo: seu m\u00e9dico, fam\u00edlia e parentes, administradoras de cart\u00e3o de cr\u00e9dito, gerente do banco, Embaixada\/Consulado Brasileiro, hospitais, caixas eletr\u00f4nicos, aeroportos, esta\u00e7\u00f5es de trem de viagem, rodovi\u00e1rias, hot\u00e9is, lavanderias, etc.<br \/>\n29) N\u00e3o confie totalmente na bateria dos dispositivos m\u00f3veis e na internet. Ter informa\u00e7\u00f5es impressas em papel pode ajudar em situa\u00e7\u00f5es emergenciais.<br \/>\n30) Dicas gerais:<\/p>\n<p>No caso de transporte de alimentos, verifique junto \u00e0s companhias a\u00e9reas que tipo de alimento pode ser transportado durante a viagem e se necess\u00e1rio solicite autoriza\u00e7\u00e3o especial;<\/p>\n<p>31) N\u00e3o se distancie ou descuide de suas bagagens. Bagagem de m\u00e3o \u00e9 para ficar \u00e0 m\u00e3o;<br \/>\n32) Ao chegar ao seu destino, se for o caso, guarde as j\u00f3ias, dinheiro, passagens, e passaporte no cofre do hotel;<br \/>\n33) Durante sua estadia, ande com uma c\u00f3pia do documento na bolsa ou carteira;<br \/>\n34) D\u00ea prefer\u00eancia ao uso do cart\u00e3o de cr\u00e9dito ao inv\u00e9s de dinheiro. Se precisar, o cart\u00e3o de cr\u00e9dito internacional serve para sacar dinheiro nos caixas autom\u00e1ticos do mundo todo;<br \/>\n35) Tome muito cuidado com a chave do local onde est\u00e1 hospedado;<br \/>\n36) Compre uma pochete porta-d\u00f3lar que pode ser usada sob a roupa para transportar parte do dinheiro;<br \/>\n37) Uma alternativa para n\u00e3o ter que levar muito dinheiro em esp\u00e9cie, \u00e9 o Visa Travel Money da Confidence C\u00e2mbio que funciona como um cart\u00e3o de d\u00e9bito e pode ser carregado, permitindo saques. A maior vantagem \u00e9 que com ele n\u00e3o h\u00e1 imprevistos de oscila\u00e7\u00e3o de c\u00e2mbio;<br \/>\n38) Procure se informar sobre a cultura do pa\u00eds de destino e principalmente sobre os h\u00e1bitos locais, isso pode evitar constrangimentos durante sua estadia;<br \/>\n39) N\u00e3o se esque\u00e7a de alguns itens como: guarda-chuva, capa de chuva, protetor solar, m\u00e1scara para dormir, cortador de unhas.<\/p>\n<p>2) Organiza\u00e7\u00e3o Profissional:<\/p>\n<p>Ao se ausentar do trabalho, as suas responsabilidades s\u00e3o transferidas para outras pessoas, e para que tudo corra bem durante sua aus\u00eancia, \u00e9 importante deixar tudo organizado.<\/p>\n<p>Seguem abaixo algumas dicas que eu costumo praticar:<\/p>\n<p>1) Solicite ao seu superior que indique o profissional que assumir\u00e1 suas responsabilidades durante o per\u00edodo da sua aus\u00eancia;<br \/>\n2) Informe antecipadamente (por telefone, email, pessoalmente) aos seus clientes, fornecedores, parceiros etc., sobre o per\u00edodo de sua aus\u00eancia e apresente quem o substituir\u00e1;<br \/>\n3) Documente as suas atividades de rotina em detalhes e disponibilize para o seu substituto. Se poss\u00edvel, solicite que ele te acompanhe no \u00faltimo m\u00eas para aprender ou entender os processos;<br \/>\n4) Fa\u00e7a uma reuni\u00e3o conjunta com o seu superior e o(s) substituto (o), para alinhamento das atividades;<br \/>\n5) Deixe para seus colegas e superiores algum meio de contato com voc\u00ea durante sua aus\u00eancia. Explique que n\u00e3o estar\u00e1 dispon\u00edvel o dia todo e informe qual \u00e9 o melhor hor\u00e1rio para se comunicarem. N\u00e3o tenha vergonha de solicitar que o contato s\u00f3 deve ser feito em caso de urg\u00eancia, pois sua aus\u00eancia da empresa deve ter um motivo (f\u00e9rias, doen\u00e7a, treinamento) e seja ela qual for, deve ser respeitada.<br \/>\n6) Por \u00faltimo, e n\u00e3o menos importante, deixe email configurado com uma mensagem autom\u00e1tica de aus\u00eancia, indicando o per\u00edodo em que estar\u00e1 fora e os dados de contato de quem o substituir\u00e1 (se necess\u00e1rio direcione os assuntos para pessoas diferentes).<br \/>\n7) Agora que est\u00e1 tudo pronto, s\u00f3 me resta controlar a ansiedade e fazer a contagem regressiva para a viagem.<\/p>\n<p>3) Bagagem<\/p>\n<p>Quando planejamos uma viagem com muita anteced\u00eancia parece que ela nunca vai chegar. E a\u00ed vamos deixando passar e quando percebemos \u00e9 dia de viajar.<\/p>\n<p>Uma boa lista do que levar na bagagem pode reduzir muito o stress de uma viagem. Planejando antes o que levar na bagagem, a arruma\u00e7\u00e3o das malas fica bem mais simples.<\/p>\n<p>Com uma mala planejada, a chance de levar bagagem demais (como o infeliz passageiro acima) ou de ser pego de surpresa pela falta de algum item essencial diminui muito.<\/p>\n<p>4) Quando come\u00e7ar a faz\u00ea-lo?<\/p>\n<p>Com um m\u00eas de anteced\u00eancia, no m\u00ednimo!<\/p>\n<p>Um m\u00eas \u00e9 muito pouco tempo antes de uma viagem. Para ansiedade, parece que ainda falta muito, mas a realidade \u00e9 que a viagem est\u00e1 logo ali.<\/p>\n<p>Toda semana d\u00ea uma revisada no seu check list e se for uma viagem de mais de dez dias e para um local distante, internacional, \u00e9 bom que, ao menos, duas semanas antes de embarcar voc\u00ea comece a arrumar sua mala.<\/p>\n<p>E ainda fica aquela pergunta: ser\u00e1 que programei todas as contas???<\/p>\n<p>Por isso, fa\u00e7a tamb\u00e9m um check list com as coisas que precisam ficar prontas antes de voc\u00ea viajar: contas a serem pagos, trabalhos pendentes, c\u00f3pia do passaporte, documentos a levar para mostrar na imigra\u00e7\u00e3o se for preciso, quem vai cuidar do cachorro? Precisa tomar vacinas?<\/p>\n<p>N\u00e3o h\u00e1 nada pior do que chegar no destino e ver que esqueceu coisas ess\u00eancias. Se for a escova de dente, OK, compra outra. Mas e se for um rem\u00e9dio que precisa de receita?<\/p>\n<p>Por isso \u00e9 preciso estar atento a um ponto bem importante: o check list!<\/p>\n<p>5) Check List &#8211; Lista de bagagem<\/p>\n<p>Segue abaixo a sugest\u00e3o de alguns itens a serem levados em viagens. Um check-list, para ajud\u00e1-lo na lembran\u00e7a de alguns itens importantes, por\u00e9m tenha sempre o objetivo de levar o essencial. A lista serve muito bem para as minhas necessidades, mas possivelmente n\u00e3o servir\u00e1 integralmente para voc\u00ea. Mesmo assim compartilho, porque v\u00e1rios dos meus itens podem ser aproveitados na sua lista, e o formato tamb\u00e9m pode inspirar voc\u00ea a fazer a sua.<\/p>\n<p>Claro que sua utiliza\u00e7\u00e3o varia de acordo com o tipo de viagem, roteiro que escolheu, n\u00famero de dias, o clima mas com certeza esta lista ajudar\u00e1 bastante voc\u00ea a lembrar de itens importantes.<\/p>\n<p>Tudo tem que ser bem pensado. Porque n\u00e3o vai ter ningu\u00e9m para ajudar a carregar a mochila, n\u00e3o vai haver muito tempo para ficar lavando roupa e, principalmente, em um lugar onde n\u00e3o entendo nada do que as pessoas falam \u00e9 importante ter coisas b\u00e1sicas \u00e0 m\u00e3o (como rem\u00e9dios usuais e coisinhas de emerg\u00eancia)\u2026<\/p>\n<p>Dica Final:<br \/>\nFa\u00e7a um check list para a sua bagagem que ser\u00e1 despachada e outro para a bagagem de m\u00e3o onde deve conter: objetos de higiene pessoal, uma muda de roupa, um bom livro e toda sua ansiedade!!!<\/p>\n<p>Talvez a grande maioria das pessoas n\u00e3o fa\u00e7a uma checagem dos itens a serem levados durante a viagem. Com ele, dificilmente voc\u00ea esquecer\u00e1 algo importante ou imprescind\u00edvel, como um equipamento por exemplo. Al\u00e9m de um procedimento simples, trar\u00e1 a garantia de que n\u00e3o algo caia em esquecimento<\/p>\n<p>Mesmo se a sua mala j\u00e1 estiver arrumada, que tal aproveitar este check list e ver se n\u00e3o est\u00e1 faltando alguma coisa importante.<\/p>\n<p>Utilize esta lista de verifica\u00e7\u00e3o para se assegurar que voc\u00ea n\u00e3o se esqueceu de trazer o essencial para sua viagem.<\/p>\n<p>Lembre-se: voc\u00ea s\u00f3 tem duas m\u00e3os e muita bagagem atrapalha!<\/p>\n<p>Veja abaixo alguns pontos importantes: Check-list:<\/p>\n<p>O que levar em uma viagem?<\/p>\n<p>A ESTA\u00c7\u00c3O FIEL acredita que as preocupa\u00e7\u00f5es n\u00e3o devem ser bagagens de nenhuma viagem. Por isso, na tentativa de melhorar seus servi\u00e7os e facilitar a organiza\u00e7\u00e3o do per\u00edodo pr\u00e9-viagem, elaboramos uma lista de bagagem de viagem, para tornar seu passeio mais agrad\u00e1vel.<\/p>\n<p>Aceitamos qualquer sugest\u00e3o que torne a lista mais completa.<\/p>\n<p>Provavelmente voc\u00ea n\u00e3o precisar\u00e1 de tudo que est\u00e1 nesta lista.<\/p>\n<p>Mas, e se precisar?<\/p>\n<p>Este documento \u00e9 apenas uma refer\u00eancia para auxili\u00e1-lo na prepara\u00e7\u00e3o de sua mala, e pode ser alterado de acordo com as necessidades especificas de cada cliente.<br \/>\nAs regras de bagagem de cada Cia. A\u00e9rea e leis governamentais devem ser observadas.<\/p>\n<p>Colocar tudo o que pensa em levar, fechar e ir at\u00e9 a farm\u00e1cia mais pr\u00f3xima para pesar. Com isso tem id\u00e9ia se consegue carregar a mala e quanto ela pesa, para n\u00e3o ter problemas mais tarde e ter que ficar tirando coisas em pleno aeroporto.<\/p>\n<p>Fazer uma mala que n\u00e3o seja muito pesada, mas seja suficiente para n\u00e3o passar aperto durante a viagem \u00e9 uma arte!<\/p>\n<p>DURANTE A VIAGEM DO TOUR DA EUROPA, AS PARADAS SER\u00c3O A CADA 3 HORAS OU ONDE FOREM POSS\u00cdVEIS; SER\u00c3O PASSADAS DIARIAMENTE INFORMA\u00c7\u00d5ES SOBRE ROTEIRO, ALIMENTA\u00c7\u00c3O, PROGRAMA\u00c7\u00c3O DO DIA SEGUINTE, C\u00c2MBIO, COMO TELEFONAR A COBRAR ETC, ETC&#8230; N\u00c3O SE ESTRESSE E NEM SOFRA ANTECIPADAMENTE.<\/p>\n<p>Evite se estressar com sugest\u00f5es e compara\u00e7\u00f5es, deixe a administra\u00e7\u00e3o da viagem para a operadora, guia e sua coordenadora, pois o que \u00e9 poss\u00edvel fazer ser\u00e1 feito.<\/p>\n<p>Uma atitude positiva: seja um facilitador das a\u00e7\u00f5es do grupo \u2013 pense sempre positivo e coletivamente. Portanto, lembre-se sempre de levar junto um grande sorriso e disposi\u00e7\u00e3o para vencer as dificuldades e enfrentar desafios. O sorriso abre sempre as portas.<\/p>\n<p>FATORES QUE S\u00c3O FUNDAMENTAIS PARA UMA BOA VIAGEM: PONTUALIDADE, DISCIPLINA, TOLER\u00c2NCIA E COOPERA\u00c7\u00c3O.<\/p>\n<p>EVITE ASSUMIR COMPROMISSOS PARA OS DOIS DIAS IMEDIATAMENTE AP\u00d3S O RETORNO MARCADO, POIS OCORR\u00caNCIAS N\u00c3O S\u00c3O PREVIS\u00cdVEIS!!<\/p>\n<p>Espero ter ajudado com essas dicas, pois s\u00e3o importantes para quem pretende viajar.<\/p>\n<p>Tudo certo? Ent\u00e3o, boa viagem!<\/p>\n","protected":false},"excerpt":{"rendered":"<p>SUPER IMPORTANTE.. IMPRIMA, VALE PENA PARA TODAS AS VIAGENS !! Quando nos organizamos para uma viagem mais longa do que uma semana, \u00e9 preciso se certificar de que tudo ir\u00e1 funcionar bem durante a sua aus\u00eancia, seja no ramo pessoal ou profissional. Em ritmo de reta final, vou descrever os &hellip;<\/p>\n","protected":false},"author":1,"featured_media":0,"parent":0,"menu_order":0,"comment_status":"closed","ping_status":"closed","template":"","meta":{"_monsterinsights_skip_tracking":false,"_monsterinsights_sitenote_active":false,"_monsterinsights_sitenote_note":"","_monsterinsights_sitenote_category":0,"footnotes":""},"class_list":["post-658","page","type-page","status-publish","hentry"],"_links":{"self":[{"href":"https:\/\/sitexis.com.br\/joaofiel\/wp-json\/wp\/v2\/pages\/658","targetHints":{"allow":["GET"]}}],"collection":[{"href":"https:\/\/sitexis.com.br\/joaofiel\/wp-json\/wp\/v2\/pages"}],"about":[{"href":"https:\/\/sitexis.com.br\/joaofiel\/wp-json\/wp\/v2\/types\/page"}],"author":[{"embeddable":true,"href":"https:\/\/sitexis.com.br\/joaofiel\/wp-json\/wp\/v2\/users\/1"}],"replies":[{"embeddable":true,"href":"https:\/\/sitexis.com.br\/joaofiel\/wp-json\/wp\/v2\/comments?post=658"}],"version-history":[{"count":2,"href":"https:\/\/sitexis.com.br\/joaofiel\/wp-json\/wp\/v2\/pages\/658\/revisions"}],"predecessor-version":[{"id":703,"href":"https:\/\/sitexis.com.br\/joaofiel\/wp-json\/wp\/v2\/pages\/658\/revisions\/703"}],"wp:attachment":[{"href":"https:\/\/sitexis.com.br\/joaofiel\/wp-json\/wp\/v2\/media?parent=658"}],"curies":[{"name":"wp","href":"https:\/\/api.w.org\/{rel}","templated":true}]}}