{"id":72,"date":"2017-01-26T19:10:22","date_gmt":"2017-01-26T21:10:22","guid":{"rendered":"https:\/\/sitexis.com.br\/joaofiel\/?page_id=72"},"modified":"2017-01-27T12:30:32","modified_gmt":"2017-01-27T14:30:32","slug":"como-fazer-as-malas","status":"publish","type":"page","link":"https:\/\/sitexis.com.br\/joaofiel\/como-fazer-as-malas\/","title":{"rendered":"Como fazer as malas?"},"content":{"rendered":"<div class=\"container\"><div class=\"row \">\n<div class=\"col-lg-12 col-md-12 col-xs-12 col-sm-12\">\n<h2>Como fazer a mala?<\/h2>\n<p>N\u00e3o leve coisas demais, somente o necess\u00e1rio, especialmente se for para mais de um destino. \u00c9 muito importante informar-se sobre as temperaturas dos lugares que ser\u00e3o visitados. Para que a mala n\u00e3o atrapalhe a sua viagem, damos algumas sugest\u00f5es.<\/p>\n<p>Roupas \u2013 escolha uma cor b\u00e1sica para a sua viagem.<\/p>\n<p>Sapatos \u2013 leve um ou 2 bem confort\u00e1veis e 1 social.<\/p>\n<p>Bolsas \u2013 As mulheres &#8211; uma bolsa de cor neutra e uma m\u00e9dia ou pequena dependendo da programa\u00e7ao.<\/p>\n<p>Varia\u00e7\u00f5es podem ser feitas com camisas, blusas e acess\u00f3rios como len\u00e7os, bijuterias, j\u00f3ias etc.<\/p>\n<p>J\u00f3ias devem sempre ser levadas na bagagem de m\u00e3o e aconselhamos fazer um seguro espec\u00edfico se tiver que despachar objetos de valor.<\/p>\n<p>Uma muda de roupa deve ser colocada na bagagem de m\u00e3o, para diminuir os problemas em caso de extravio da mala.<\/p>\n<h3>Novas Regras de Seguran\u00e7a<\/h3>\n<p>Devido \u00e0s novas regras de seguran\u00e7a, produtos l\u00edquidos ou gel devem ser despachados.<\/p>\n<p>Existe um limite de bagagem por passageiro, que depende da classe em que viajar, do destino, cia a\u00e9rea, etc. A bagagem de m\u00e3o dever\u00e1 ter a dimens\u00e3o total m\u00e1xima de 115 cm, isto \u00e9, soma do comprimento, largura e altura, respeitando-se o peso estipulado por cada cia a\u00e9rea.<\/p>\n<p>Pode-se transportar, gratuitamente, um sobretudo ou casaco, uma bolsa de m\u00e3o, m\u00e1quina fotogr\u00e1fica ou filmadora, ber\u00e7o port\u00e1til e alimentos de beb\u00ea * para a viagem, cadeira de rodas desmont\u00e1vel, muletas ou aparelho desde que o passageiro dependa deles.<\/p>\n<p>* para evitar problemas deve ser solicitada alimenta\u00e7\u00e3o para bebe no momento da reserva.<\/p>\n<p>Ao fazer a mala lembre-se de que certos itens n\u00e3o podem ser acondicionados na bagagem. Nunca coloque subst\u00e2ncias capazes de combust\u00e3o instant\u00e2nea, materiais radio-ativos, corrosivos, t\u00f3xicos e todos os artigos relacionados na regulamenta\u00e7\u00e3o de artigos perigosos. Em caso de d\u00favida consulte o seu agente de viagens ou informe-se na cia a\u00e9rea.<\/p>\n<p>Identifique muito bem a sua bagagem e fa\u00e7a sempre um seguro de viagem.<\/p>\n<p>N\u00e3o esque\u00e7a de arrancar as etiquetas da cia a\u00e9rea da sua viagem anterior, para n\u00e3o confundir o pessoal do aeroporto.<\/p>\n<p>Para facilitar os nossos passageiros, fornecemos a lista &#8220;o que levar na mala&#8221; de acordo com o tipo de viagem.<\/div>\n<\/div><\/div>\n","protected":false},"excerpt":{"rendered":"","protected":false},"author":1,"featured_media":0,"parent":0,"menu_order":0,"comment_status":"closed","ping_status":"closed","template":"","meta":{"_monsterinsights_skip_tracking":false,"_monsterinsights_sitenote_active":false,"_monsterinsights_sitenote_note":"","_monsterinsights_sitenote_category":0,"footnotes":""},"class_list":["post-72","page","type-page","status-publish","hentry"],"_links":{"self":[{"href":"https:\/\/sitexis.com.br\/joaofiel\/wp-json\/wp\/v2\/pages\/72","targetHints":{"allow":["GET"]}}],"collection":[{"href":"https:\/\/sitexis.com.br\/joaofiel\/wp-json\/wp\/v2\/pages"}],"about":[{"href":"https:\/\/sitexis.com.br\/joaofiel\/wp-json\/wp\/v2\/types\/page"}],"author":[{"embeddable":true,"href":"https:\/\/sitexis.com.br\/joaofiel\/wp-json\/wp\/v2\/users\/1"}],"replies":[{"embeddable":true,"href":"https:\/\/sitexis.com.br\/joaofiel\/wp-json\/wp\/v2\/comments?post=72"}],"version-history":[{"count":3,"href":"https:\/\/sitexis.com.br\/joaofiel\/wp-json\/wp\/v2\/pages\/72\/revisions"}],"predecessor-version":[{"id":252,"href":"https:\/\/sitexis.com.br\/joaofiel\/wp-json\/wp\/v2\/pages\/72\/revisions\/252"}],"wp:attachment":[{"href":"https:\/\/sitexis.com.br\/joaofiel\/wp-json\/wp\/v2\/media?parent=72"}],"curies":[{"name":"wp","href":"https:\/\/api.w.org\/{rel}","templated":true}]}}