{"id":270,"date":"2026-03-06T16:45:00","date_gmt":"2026-03-06T16:45:00","guid":{"rendered":"https:\/\/sitexis.com.br\/kleverkraft\/?page_id=270"},"modified":"2026-04-09T17:14:37","modified_gmt":"2026-04-09T17:14:37","slug":"aplicacoes","status":"publish","type":"page","link":"https:\/\/sitexis.com.br\/kleverkraft\/aplicacoes\/","title":{"rendered":"Aplica\u00e7\u00f5es"},"content":{"rendered":"\t\t<div data-elementor-type=\"wp-page\" data-elementor-id=\"270\" class=\"elementor elementor-270\" data-elementor-post-type=\"page\">\n\t\t\t\t<div class=\"elementor-element elementor-element-b5bcf78 e-flex e-con-boxed wpr-particle-no wpr-jarallax-no wpr-parallax-no wpr-sticky-section-no e-con e-parent\" data-id=\"b5bcf78\" data-element_type=\"container\" data-e-type=\"container\" data-settings=\"{&quot;background_background&quot;:&quot;classic&quot;}\">\n\t\t\t\t\t<div class=\"e-con-inner\">\n\t\t<div class=\"elementor-element elementor-element-2900ec3 e-con-full e-flex wpr-particle-no wpr-jarallax-no wpr-parallax-no wpr-sticky-section-no e-con e-child\" data-id=\"2900ec3\" data-element_type=\"container\" data-e-type=\"container\">\n\t\t\t\t<div class=\"elementor-element elementor-element-1117eec elementor-widget elementor-widget-heading\" data-id=\"1117eec\" data-element_type=\"widget\" data-e-type=\"widget\" data-widget_type=\"heading.default\">\n\t\t\t\t\t<h2 class=\"elementor-heading-title elementor-size-default\">Onde Nossos<span style=\"color: #E20E1E\"> Produtos<\/span> sao Aplicados<\/h2>\t\t\t\t<\/div>\n\t\t\t\t<div class=\"elementor-element elementor-element-44f0b6c elementor-widget elementor-widget-text-editor\" data-id=\"44f0b6c\" data-element_type=\"widget\" data-e-type=\"widget\" data-widget_type=\"text-editor.default\">\n\t\t\t\t\t\t\t\t\t<p>Nossa tecnologia permite executar usinagens diretamente no local do equipamento, reduzindo custos log\u00edsticos e tempo de parada.<\/p>\t\t\t\t\t\t\t\t<\/div>\n\t\t\t\t<\/div>\n\t\t<div class=\"elementor-element elementor-element-0830716 e-con-full e-flex wpr-particle-no wpr-jarallax-no wpr-parallax-no wpr-sticky-section-no e-con e-child\" data-id=\"0830716\" data-element_type=\"container\" data-e-type=\"container\">\n\t\t\t\t<div class=\"elementor-element elementor-element-800bc48 elementor-widget elementor-widget-html\" data-id=\"800bc48\" data-element_type=\"widget\" data-e-type=\"widget\" data-widget_type=\"html.default\">\n\t\t\t\t\t<!DOCTYPE html>\r\n<html lang=\"pt-BR\">\r\n<head>\r\n  <meta charset=\"UTF-8\"\/>\r\n  <meta name=\"viewport\" content=\"width=device-width, initial-scale=1.0\"\/>\r\n  <title>Grid Ind\u00fastrias<\/title>\r\n  <link href=\"https:\/\/fonts.googleapis.com\/css2?family=Barlow+Condensed:wght@700;800&family=Barlow:wght@400;500&display=swap\" rel=\"stylesheet\"\/>\r\n  <style>\r\n    .industries-section *, .industries-section *::before, .industries-section *::after { box-sizing: border-box; }\r\n\r\n    body {\r\n      font-family: 'Barlow', sans-serif;\r\n      background: transparent;\r\n      margin: 0;\r\n      padding: 0;\r\n    }\r\n\r\n    .industries-section {\r\n      padding: 60px 24px;\r\n    }\r\n\r\n    .row {\r\n      display: flex;\r\n      justify-content: center;\r\n      gap: 14px;\r\n      max-width: 1080px;\r\n      margin: 0 auto;\r\n    }\r\n\r\n    .row + .row {\r\n      margin-top: 14px;\r\n    }\r\n\r\n    .industry-card {\r\n      flex: 0 0 calc(25% - 11px);\r\n      display: flex;\r\n      flex-direction: row;\r\n      align-items: center;\r\n      gap: 14px;\r\n      padding: 20px 18px;\r\n      background: #fff;\r\n      border-radius: 8px;\r\n      border-left: 4px solid #e8e8e8;\r\n      box-shadow: 0 2px 10px rgba(0,0,0,0.07);\r\n      position: relative;\r\n      overflow: hidden;\r\n      transition: border-color 0.25s, box-shadow 0.25s, transform 0.22s;\r\n      cursor: default;\r\n    }\r\n\r\n    \/* Row 2: 3 cards, same width as row-1 cards *\/\r\n    .row-2 .industry-card {\r\n      flex: 0 0 calc(25% - 11px);\r\n    }\r\n\r\n    .industry-card:hover {\r\n      border-left-color: #e02020;\r\n      box-shadow: 0 10px 28px rgba(0,0,0,0.13);\r\n      transform: translateY(-3px);\r\n    }\r\n\r\n    .industry-card::after {\r\n      content: '';\r\n      position: absolute;\r\n      bottom: -24px; right: -24px;\r\n      width: 72px; height: 72px;\r\n      border-radius: 50%;\r\n      background: rgba(224,32,32,0.07);\r\n      opacity: 0;\r\n      transition: opacity 0.3s, transform 0.3s;\r\n    }\r\n    .industry-card:hover::after { opacity: 1; transform: scale(1.6); }\r\n\r\n    .icon-wrap {\r\n      flex-shrink: 0;\r\n      width: 48px;\r\n      height: 48px;\r\n      border-radius: 8px;\r\n      background: #1a1a1a;\r\n      display: flex;\r\n      align-items: center;\r\n      justify-content: center;\r\n      transition: background 0.25s;\r\n    }\r\n    .industry-card:hover .icon-wrap { background: #e02020; }\r\n\r\n    .icon-wrap svg {\r\n      width: 22px;\r\n      height: 22px;\r\n      fill: #fff;\r\n    }\r\n\r\n    .card-text { display: flex; flex-direction: column; gap: 3px; }\r\n\r\n    .card-label {\r\n      font-family: 'Barlow Condensed', sans-serif;\r\n      font-size: 0.88rem;\r\n      font-weight: 700;\r\n      letter-spacing: 0.08em;\r\n      text-transform: uppercase;\r\n      color: #1a1a1a;\r\n      line-height: 1.2;\r\n    }\r\n\r\n    .card-desc {\r\n      font-size: 0.7rem;\r\n      color: #aaa;\r\n      font-weight: 400;\r\n      line-height: 1.35;\r\n    }\r\n\r\n    @media (max-width: 780px) {\r\n      .row { flex-wrap: wrap; }\r\n      .industry-card, .row-2 .industry-card { flex: 0 0 calc(50% - 7px); }\r\n    }\r\n    @media (max-width: 480px) {\r\n      .industry-card, .row-2 .industry-card { flex: 0 0 100%; }\r\n    }\r\n  <\/style>\r\n<\/head>\r\n<body>\r\n<div class=\"industries-section\">\r\n\r\n  <!-- Row 1: 4 cards -->\r\n  <div class=\"row row-1\">\r\n\r\n    <div class=\"industry-card\">\r\n      <div class=\"icon-wrap\">\r\n        <!-- Factory \/ industry building -->\r\n        <svg viewBox=\"0 0 24 24\"><path d=\"M4 18V9.5L8 7v2.5l4-2.5V9.5l4-2.5V18H4zm2-2h10V9.97L12 12.5V10l-4 2.5V10L5.93 11.1 6 9.97V16zm10-10h2v12h-2V8zM2 20h20v2H2v-2z\"\/><\/svg>\r\n      <\/div>\r\n      <div class=\"card-text\">\r\n        <span class=\"card-label\">Ind\u00fastrias<\/span>\r\n        <span class=\"card-desc\">Setor industrial geral<\/span>\r\n      <\/div>\r\n    <\/div>\r\n\r\n    <div class=\"industry-card\">\r\n      <div class=\"icon-wrap\">\r\n        <!-- Wrench + gear = maintenance -->\r\n        <svg viewBox=\"0 0 24 24\"><path d=\"M15.5 14h-.79l-.28-.27A6.471 6.471 0 0 0 16 9.5 6.5 6.5 0 0 0 9.5 3C6.08 3 3 5.76 3 9.5S5.76 16 9.5 16c1.61 0 3.09-.59 4.23-1.57l.27.28v.79l5 4.99L20.49 19l-4.99-5zm-6 0C7.01 14 5 11.99 5 9.5S7.01 5 9.5 5 14 7.01 14 9.5 11.99 14 9.5 14z\"\/><path d=\"M12 10h-2v2H9v-2H7V9h2V7h1v2h2v1z\"\/><\/svg>\r\n      <\/div>\r\n      <div class=\"card-text\">\r\n        <span class=\"card-label\">Manuten\u00e7\u00e3o Industrial<\/span>\r\n        <span class=\"card-desc\">Reparo e conserva\u00e7\u00e3o de equipamentos<\/span>\r\n      <\/div>\r\n    <\/div>\r\n\r\n    <div class=\"industry-card\">\r\n      <div class=\"icon-wrap\">\r\n        <!-- Mountain \/ terrain (mining) -->\r\n        <svg viewBox=\"0 0 24 24\"><path d=\"m14 6-1-2H5v17h2v-7h5l1 2h7V6h-6zm4 8h-4l-1-2H7V6h5l1 2h5v6z\"\/><\/svg>\r\n      <\/div>\r\n      <div class=\"card-text\">\r\n        <span class=\"card-label\">Minera\u00e7\u00e3o<\/span>\r\n        <span class=\"card-desc\">Extra\u00e7\u00e3o e beneficiamento mineral<\/span>\r\n      <\/div>\r\n    <\/div>\r\n\r\n    <div class=\"industry-card\">\r\n      <div class=\"icon-wrap\">\r\n        <!-- Lightning bolt = energy \/ usinas -->\r\n        <svg viewBox=\"0 0 24 24\"><path d=\"M7 2v11h3v9l7-12h-4l4-8z\"\/><\/svg>\r\n      <\/div>\r\n      <div class=\"card-text\">\r\n        <span class=\"card-label\">Usinas<\/span>\r\n        <span class=\"card-desc\">Gera\u00e7\u00e3o e processamento de energia<\/span>\r\n      <\/div>\r\n    <\/div>\r\n\r\n  <\/div>\r\n\r\n  <!-- Row 2: 3 cards centered -->\r\n  <div class=\"row row-2\">\r\n\r\n    <div class=\"industry-card\">\r\n      <div class=\"icon-wrap\">\r\n        <!-- Cylinder \/ pressure vessel = caldeiraria -->\r\n        <svg viewBox=\"0 0 24 24\"><path d=\"M12 2C6.48 2 2 3.34 2 5v14c0 1.66 4.48 3 10 3s10-1.34 10-3V5c0-1.66-4.48-3-10-3zm8 16c0 .5-3.13 1.5-8 1.5S4 18.5 4 18v-2.23C5.61 16.81 8.64 17.5 12 17.5s6.39-.69 8-1.73V18zm0-4.5c0 .5-3.13 1.5-8 1.5s-8-1-8-1.5v-2.23C5.61 12.31 8.64 13 12 13s6.39-.69 8-1.73V13.5zm0-4.5c0 .5-3.13 1.5-8 1.5S4 9.5 4 9V6.77C5.61 7.81 8.64 8.5 12 8.5s6.39-.69 8-1.73V9z\"\/><\/svg>\r\n      <\/div>\r\n      <div class=\"card-text\">\r\n        <span class=\"card-label\">Caldeiraria Pesada<\/span>\r\n        <span class=\"card-desc\">Vasos de press\u00e3o e estruturas<\/span>\r\n      <\/div>\r\n    <\/div>\r\n\r\n    <div class=\"industry-card\">\r\n      <div class=\"icon-wrap\">\r\n        <!-- Layers \/ metal stacking = metal\u00fargicas -->\r\n        <svg viewBox=\"0 0 24 24\"><path d=\"M11.99 18.54-7.37-5.73L3 14.07l9 7 9-7-1.63-1.27-7.38 5.74zM12 16l7.36-5.73L21 9l-9-7-9 7 1.63 1.27L12 16z\"\/><path d=\"M12 3.19 18.93 8.5 12 13.81 5.07 8.5z\" opacity=\".3\"\/><\/svg>\r\n      <\/div>\r\n      <div class=\"card-text\">\r\n        <span class=\"card-label\">Metal\u00fargicas<\/span>\r\n        <span class=\"card-desc\">Fundi\u00e7\u00e3o e conforma\u00e7\u00e3o de metais<\/span>\r\n      <\/div>\r\n    <\/div>\r\n\r\n    <div class=\"industry-card\">\r\n      <div class=\"icon-wrap\">\r\n        <!-- Truck \/ heavy vehicle = equipamentos pesados -->\r\n        <svg viewBox=\"0 0 24 24\"><path d=\"M20 8h-3V4H3c-1.1 0-2 .9-2 2v11h2c0 1.66 1.34 3 3 3s3-1.34 3-3h6c0 1.66 1.34 3 3 3s3-1.34 3-3h2v-5l-3-4zM6 18.5c-.83 0-1.5-.67-1.5-1.5s.67-1.5 1.5-1.5 1.5.67 1.5 1.5-.67 1.5-1.5 1.5zm13.5-9 1.96 2.5H17V9.5h2.5zm-1.5 9c-.83 0-1.5-.67-1.5-1.5s.67-1.5 1.5-1.5 1.5.67 1.5 1.5-.67 1.5-1.5 1.5z\"\/><\/svg>\r\n      <\/div>\r\n      <div class=\"card-text\">\r\n        <span class=\"card-label\">Equipamentos Pesados<\/span>\r\n        <span class=\"card-desc\">Maquin\u00e1rio e ve\u00edculos de grande porte<\/span>\r\n      <\/div>\r\n    <\/div>\r\n\r\n  <\/div>\r\n\r\n<\/div><!-- \/industries-section -->\r\n\r\n<\/body>\r\n<\/html>\t\t\t\t<\/div>\n\t\t\t\t<\/div>\n\t\t\t\t\t<\/div>\n\t\t\t\t<\/div>\n\t\t\t\t<\/div>\n\t\t","protected":false},"excerpt":{"rendered":"<p>Onde Nossos Produtos sao Aplicados Nossa tecnologia permite executar usinagens diretamente no local do equipamento, reduzindo custos log\u00edsticos e tempo de parada. Grid Ind\u00fastrias Ind\u00fastrias Setor industrial geral Manuten\u00e7\u00e3o Industrial Reparo e conserva\u00e7\u00e3o de equipamentos Minera\u00e7\u00e3o Extra\u00e7\u00e3o e beneficiamento mineral Usinas Gera\u00e7\u00e3o e processamento de energia Caldeiraria Pesada Vasos de press\u00e3o e estruturas Metal\u00fargicas Fundi\u00e7\u00e3o e conforma\u00e7\u00e3o de metais Equipamentos Pesados Maquin\u00e1rio e ve\u00edculos de grande porte<\/p>\n","protected":false},"author":1,"featured_media":0,"parent":0,"menu_order":0,"comment_status":"closed","ping_status":"closed","template":"elementor_header_footer","meta":{"footnotes":""},"class_list":["post-270","page","type-page","status-publish","hentry"],"acf":[],"_links":{"self":[{"href":"https:\/\/sitexis.com.br\/kleverkraft\/wp-json\/wp\/v2\/pages\/270","targetHints":{"allow":["GET"]}}],"collection":[{"href":"https:\/\/sitexis.com.br\/kleverkraft\/wp-json\/wp\/v2\/pages"}],"about":[{"href":"https:\/\/sitexis.com.br\/kleverkraft\/wp-json\/wp\/v2\/types\/page"}],"author":[{"embeddable":true,"href":"https:\/\/sitexis.com.br\/kleverkraft\/wp-json\/wp\/v2\/users\/1"}],"replies":[{"embeddable":true,"href":"https:\/\/sitexis.com.br\/kleverkraft\/wp-json\/wp\/v2\/comments?post=270"}],"version-history":[{"count":10,"href":"https:\/\/sitexis.com.br\/kleverkraft\/wp-json\/wp\/v2\/pages\/270\/revisions"}],"predecessor-version":[{"id":372,"href":"https:\/\/sitexis.com.br\/kleverkraft\/wp-json\/wp\/v2\/pages\/270\/revisions\/372"}],"wp:attachment":[{"href":"https:\/\/sitexis.com.br\/kleverkraft\/wp-json\/wp\/v2\/media?parent=270"}],"curies":[{"name":"wp","href":"https:\/\/api.w.org\/{rel}","templated":true}]}}