{"id":402,"date":"2026-04-20T13:53:20","date_gmt":"2026-04-20T13:53:20","guid":{"rendered":"https:\/\/sitexis.com.br\/lajeresk\/?page_id=402"},"modified":"2026-04-20T14:05:49","modified_gmt":"2026-04-20T14:05:49","slug":"contato","status":"publish","type":"page","link":"https:\/\/sitexis.com.br\/lajeresk\/contato\/","title":{"rendered":"Contato"},"content":{"rendered":"\t\t<div data-elementor-type=\"wp-page\" data-elementor-id=\"402\" class=\"elementor elementor-402\" data-elementor-post-type=\"page\">\n\t\t\t\t<div class=\"elementor-element elementor-element-ec1a7e9 e-flex e-con-boxed e-con e-parent\" data-id=\"ec1a7e9\" data-element_type=\"container\">\n\t\t\t\t\t<div class=\"e-con-inner\">\n\t\t\t\t<div class=\"elementor-element elementor-element-414e23c elementor-invisible elementor-widget elementor-widget-html\" data-id=\"414e23c\" data-element_type=\"widget\" data-settings=\"{&quot;_animation&quot;:&quot;fadeInLeft&quot;}\" data-widget_type=\"html.default\">\n\t\t\t\t\t<style>\r\n.lajeresk-contact-section{\r\n    width:100%;\r\n    padding:70px 20px;\r\n    font-family:\"Inter\",sans-serif;\r\n    box-sizing:border-box;\r\n}\r\n\r\n.lajeresk-contact-wrap{\r\n    max-width:1180px;\r\n    margin:0 auto;\r\n    position:relative;\r\n    overflow:hidden;\r\n    border-radius:28px;\r\n    background:\r\n        linear-gradient(135deg, rgba(0,120,182,.08) 0%, rgba(62,185,180,.06) 38%, rgba(255,255,255,.98) 100%),\r\n        #f8fbfd;\r\n    border:1px solid rgba(0,120,182,.10);\r\n    box-shadow:\r\n        0 20px 60px rgba(15,35,60,.08),\r\n        inset 0 1px 0 rgba(255,255,255,.65);\r\n}\r\n\r\n.lajeresk-contact-wrap::before{\r\n    content:\"\";\r\n    position:absolute;\r\n    width:420px;\r\n    height:420px;\r\n    border-radius:50%;\r\n    background:radial-gradient(circle, rgba(0,120,182,.14) 0%, rgba(0,120,182,0) 70%);\r\n    top:-180px;\r\n    right:-120px;\r\n    pointer-events:none;\r\n}\r\n\r\n.lajeresk-contact-wrap::after{\r\n    content:\"\";\r\n    position:absolute;\r\n    width:320px;\r\n    height:320px;\r\n    border-radius:50%;\r\n    background:radial-gradient(circle, rgba(62,185,180,.10) 0%, rgba(62,185,180,0) 70%);\r\n    bottom:-140px;\r\n    left:-80px;\r\n    pointer-events:none;\r\n}\r\n\r\n.lajeresk-contact-grid{\r\n    position:relative;\r\n    z-index:2;\r\n    display:grid;\r\n    grid-template-columns: 1fr 1.05fr;\r\n    min-height:640px;\r\n}\r\n\r\n.lajeresk-contact-info{\r\n    padding:56px 48px;\r\n    background:\r\n        linear-gradient(180deg, rgba(8,22,38,.96) 0%, rgba(13,35,58,.96) 100%);\r\n    color:#fff;\r\n    position:relative;\r\n    overflow:hidden;\r\n}\r\n\r\n.lajeresk-contact-info::before{\r\n    content:\"\";\r\n    position:absolute;\r\n    inset:0;\r\n    background:\r\n        linear-gradient(135deg, rgba(0,120,182,.18) 0%, rgba(62,185,180,.06) 100%);\r\n    pointer-events:none;\r\n}\r\n\r\n.lajeresk-contact-info-inner{\r\n    position:relative;\r\n    z-index:2;\r\n    max-width:470px;\r\n}\r\n\r\n.lajeresk-contact-eyebrow{\r\n    display:inline-flex;\r\n    align-items:center;\r\n    gap:10px;\r\n    font-size:.76rem;\r\n    text-transform:uppercase;\r\n    letter-spacing:2.4px;\r\n    color:#7dc8ee;\r\n    margin-bottom:18px;\r\n    font-weight:700;\r\n}\r\n\r\n.lajeresk-contact-eyebrow::before{\r\n    content:\"\";\r\n    width:38px;\r\n    height:2px;\r\n    border-radius:999px;\r\n    background:linear-gradient(90deg,#f7a531 0%, #3eb9b4 100%);\r\n}\r\n\r\n.lajeresk-contact-title{\r\n    margin:0 0 16px;\r\n    font-size:clamp(2rem,3.1vw,3rem);\r\n    line-height:1.02;\r\n    letter-spacing:-0.03em;\r\n    font-weight:800;\r\n    color:#fff;\r\n}\r\n\r\n.lajeresk-contact-text{\r\n    margin:0 0 30px;\r\n    color:rgba(255,255,255,.78);\r\n    font-size:1rem;\r\n    line-height:1.75;\r\n    max-width:430px;\r\n}\r\n\r\n.lajeresk-contact-list{\r\n    display:flex;\r\n    flex-direction:column;\r\n    gap:14px;\r\n    margin-bottom:30px;\r\n}\r\n\r\n.lajeresk-contact-item{\r\n    display:flex;\r\n    align-items:center;\r\n    gap:14px;\r\n    padding:14px 16px;\r\n    border-radius:16px;\r\n    background:rgba(255,255,255,.06);\r\n    border:1px solid rgba(255,255,255,.08);\r\n    backdrop-filter:blur(6px);\r\n}\r\n\r\n.lajeresk-contact-icon{\r\n    width:42px;\r\n    height:42px;\r\n    min-width:42px;\r\n    border-radius:12px;\r\n    display:flex;\r\n    align-items:center;\r\n    justify-content:center;\r\n    color:#7dc8ee;\r\n    background:linear-gradient(135deg, rgba(0,120,182,.18), rgba(62,185,180,.15));\r\n    font-size:1rem;\r\n}\r\n\r\n.lajeresk-contact-item span,\r\n.lajeresk-contact-item a{\r\n    color:#fff;\r\n    text-decoration:none;\r\n    font-size:1rem;\r\n    line-height:1.5;\r\n    word-break:break-word;\r\n}\r\n\r\n.lajeresk-contact-note{\r\n    margin-top:22px;\r\n    padding:18px 20px;\r\n    border-radius:18px;\r\n    background:rgba(255,255,255,.05);\r\n    border:1px solid rgba(255,255,255,.08);\r\n    color:rgba(255,255,255,.72);\r\n    font-size:.94rem;\r\n    line-height:1.7;\r\n}\r\n\r\n.lajeresk-contact-form-side{\r\n    padding:56px 48px;\r\n    display:flex;\r\n    align-items:center;\r\n    justify-content:center;\r\n}\r\n\r\n.lajeresk-contact-form-wrap{\r\n    width:100%;\r\n    max-width:560px;\r\n}\r\n\r\n.lajeresk-form-top{\r\n    margin-bottom:26px;\r\n}\r\n\r\n.lajeresk-form-eyebrow{\r\n    display:inline-flex;\r\n    align-items:center;\r\n    gap:10px;\r\n    font-size:.76rem;\r\n    text-transform:uppercase;\r\n    letter-spacing:2.4px;\r\n    color:#0078b6;\r\n    margin-bottom:14px;\r\n    font-weight:700;\r\n}\r\n\r\n.lajeresk-form-eyebrow::before{\r\n    content:\"\";\r\n    width:38px;\r\n    height:2px;\r\n    border-radius:999px;\r\n    background:linear-gradient(90deg,#f7a531 0%, #0078b6 100%);\r\n}\r\n\r\n.lajeresk-form-title{\r\n    margin:0;\r\n    color:#172033;\r\n    font-size:1.9rem;\r\n    line-height:1.08;\r\n    font-weight:800;\r\n    letter-spacing:-0.03em;\r\n}\r\n\r\n.lajeresk-form{\r\n    display:flex;\r\n    flex-direction:column;\r\n    gap:16px;\r\n}\r\n\r\n.lajeresk-form-row{\r\n    display:grid;\r\n    grid-template-columns:1fr 1fr;\r\n    gap:16px;\r\n}\r\n\r\n.lajeresk-field{\r\n    display:flex;\r\n    flex-direction:column;\r\n    gap:8px;\r\n}\r\n\r\n.lajeresk-field label{\r\n    font-size:.92rem;\r\n    font-weight:600;\r\n    color:#223147;\r\n}\r\n\r\n.lajeresk-field input,\r\n.lajeresk-field textarea,\r\n.lajeresk-field select{\r\n    width:100%;\r\n    box-sizing:border-box;\r\n    border:none;\r\n    outline:none;\r\n    border-radius:16px;\r\n    background:#fff;\r\n    color:#223147;\r\n    font-size:.96rem;\r\n    padding:16px 18px;\r\n    border:1px solid #dbe7ef;\r\n    box-shadow:0 10px 22px rgba(17,42,68,.04);\r\n    transition:border-color .25s ease, box-shadow .25s ease, transform .2s ease;\r\n    appearance:none;\r\n    -webkit-appearance:none;\r\n}\r\n\r\n.lajeresk-field input:focus,\r\n.lajeresk-field textarea:focus,\r\n.lajeresk-field select:focus{\r\n    border-color:#0078b6;\r\n    box-shadow:0 0 0 4px rgba(0,120,182,.10);\r\n}\r\n\r\n.lajeresk-field textarea{\r\n    min-height:150px;\r\n    resize:vertical;\r\n}\r\n\r\n.lajeresk-full{\r\n    grid-column:1 \/ -1;\r\n}\r\n\r\n.lajeresk-form-small{\r\n    font-size:.86rem;\r\n    line-height:1.6;\r\n    color:#667487;\r\n    margin-top:-2px;\r\n}\r\n\r\n.lajeresk-submit{\r\n    margin-top:6px;\r\n    display:inline-flex;\r\n    align-items:center;\r\n    justify-content:center;\r\n    gap:10px;\r\n    width:auto;\r\n    min-width:220px;\r\n    padding:15px 22px;\r\n    border:none;\r\n    border-radius:14px;\r\n    cursor:pointer;\r\n    text-decoration:none;\r\n    font-size:.96rem;\r\n    font-weight:700;\r\n    color:#fff;\r\n    background:linear-gradient(135deg, #0078b6 0%, #0a8ed2 100%);\r\n    box-shadow:0 16px 30px rgba(0,120,182,.20);\r\n    transition:transform .25s ease, box-shadow .25s ease, filter .25s ease;\r\n}\r\n\r\n.lajeresk-submit:hover{\r\n    transform:translateY(-2px);\r\n    box-shadow:0 20px 34px rgba(0,120,182,.26);\r\n    filter:saturate(1.04);\r\n}\r\n\r\n.lajeresk-submit i{\r\n    font-size:.9rem;\r\n}\r\n\r\n@media (max-width: 980px){\r\n    .lajeresk-contact-grid{\r\n        grid-template-columns:1fr;\r\n    }\r\n\r\n    .lajeresk-contact-info,\r\n    .lajeresk-contact-form-side{\r\n        padding:42px 26px;\r\n    }\r\n}\r\n\r\n@media (max-width: 640px){\r\n    .lajeresk-form-row{\r\n        grid-template-columns:1fr;\r\n    }\r\n\r\n    .lajeresk-submit{\r\n        width:100%;\r\n        min-width:100%;\r\n    }\r\n\r\n    .lajeresk-contact-title{\r\n        font-size:2rem;\r\n    }\r\n\r\n    .lajeresk-form-title{\r\n        font-size:1.6rem;\r\n    }\r\n}\r\n<\/style>\r\n\r\n<section class=\"lajeresk-contact-section\">\r\n    <div class=\"lajeresk-contact-wrap\">\r\n        <div class=\"lajeresk-contact-grid\">\r\n\r\n            <div class=\"lajeresk-contact-info\">\r\n                <div class=\"lajeresk-contact-info-inner\">\r\n                    <div class=\"lajeresk-contact-eyebrow\">Contato<\/div>\r\n\r\n                    <h2 class=\"lajeresk-contact-title\">\r\n                        Fale com a equipe <br>Lajeresk\r\n                    <\/h2>\r\n\r\n                    <p class=\"lajeresk-contact-text\">\r\n                        Estamos dispon\u00edveis para atender sua obra com organiza\u00e7\u00e3o, clareza e suporte t\u00e9cnico.\r\n                        Entre em contato para solicitar informa\u00e7\u00f5es, or\u00e7amento ou tirar d\u00favidas sobre concreto,\r\n                        argamassa e opera\u00e7\u00e3o de entrega.\r\n                    <\/p>\r\n\r\n                    <div class=\"lajeresk-contact-list\">\r\n                        <div class=\"lajeresk-contact-item\">\r\n                            <div class=\"lajeresk-contact-icon\">\r\n                                <i class=\"fas fa-envelope\"><\/i>\r\n                            <\/div>\r\n                            <a href=\"mailto:lajeresk@hotmail.com\">lajeresk@hotmail.com<\/a>\r\n                        <\/div>\r\n\r\n                        <div class=\"lajeresk-contact-item\">\r\n                            <div class=\"lajeresk-contact-icon\">\r\n                                <i class=\"fab fa-whatsapp\"><\/i>\r\n                            <\/div>\r\n                            <a href=\"tel:+554432322287\">(44) 3232-2287<\/a>\r\n                        <\/div>\r\n\r\n                        <div class=\"lajeresk-contact-item\">\r\n                            <div class=\"lajeresk-contact-icon\">\r\n                                <i class=\"fas fa-id-card\"><\/i>\r\n                            <\/div>\r\n                            <span>11202407000118<\/span>\r\n                        <\/div>\r\n                    <\/div>\r\n\r\n                    <div class=\"lajeresk-contact-note\">\r\n                        Se preferir, utilize o formul\u00e1rio ao lado. Nossa equipe far\u00e1 o retorno o mais breve poss\u00edvel\r\n                        para entender a necessidade da sua obra e orientar da melhor forma.\r\n                    <\/div>\r\n                <\/div>\r\n            <\/div>\r\n\r\n            <div class=\"lajeresk-contact-form-side\">\r\n                <div class=\"lajeresk-contact-form-wrap\">\r\n                    <div class=\"lajeresk-form-top\">\r\n                        <div class=\"lajeresk-form-eyebrow\">Formul\u00e1rio<\/div>\r\n                        <h3 class=\"lajeresk-form-title\">Envie sua mensagem<\/h3>\r\n                    <\/div>\r\n\r\n                    <form class=\"lajeresk-form\">\r\n                        <div class=\"lajeresk-form-row\">\r\n                            <div class=\"lajeresk-field\">\r\n                                <label for=\"nome\">Nome<\/label>\r\n                                <input type=\"text\" id=\"nome\" name=\"nome\" placeholder=\"Seu nome completo\">\r\n                            <\/div>\r\n\r\n                            <div class=\"lajeresk-field\">\r\n                                <label for=\"telefone\">Telefone<\/label>\r\n                                <input type=\"tel\" id=\"telefone\" name=\"telefone\" placeholder=\"(44) 99999-9999\">\r\n                            <\/div>\r\n                        <\/div>\r\n\r\n                        <div class=\"lajeresk-form-row\">\r\n                            <div class=\"lajeresk-field\">\r\n                                <label for=\"email\">E-mail<\/label>\r\n                                <input type=\"email\" id=\"email\" name=\"email\" placeholder=\"seuemail@exemplo.com\">\r\n                            <\/div>\r\n\r\n                            <div class=\"lajeresk-field\">\r\n                                <label for=\"assunto\">Assunto<\/label>\r\n                                <select id=\"assunto\" name=\"assunto\">\r\n                                    <option value=\"\">Selecione<\/option>\r\n                                    <option>Concreto Usinado<\/option>\r\n                                    <option>Argamassa<\/option>\r\n                                    <option>Estrutura & Opera\u00e7\u00e3o<\/option>\r\n                                    <option>Or\u00e7amento<\/option>\r\n                                    <option>Outros<\/option>\r\n                                <\/select>\r\n                            <\/div>\r\n                        <\/div>\r\n\r\n                        <div class=\"lajeresk-field\">\r\n                            <label for=\"mensagem\">Mensagem<\/label>\r\n                            <textarea id=\"mensagem\" name=\"mensagem\" placeholder=\"Descreva sua necessidade, tipo de obra, produto desejado ou d\u00favida.\"><\/textarea>\r\n                        <\/div>\r\n\r\n                        <div class=\"lajeresk-form-small\">\r\n                            Preencha os campos e entraremos em contato para orientar sua solicita\u00e7\u00e3o com mais clareza e agilidade.\r\n                        <\/div>\r\n\r\n                        <button type=\"submit\" class=\"lajeresk-submit\">\r\n                            <span>Solicitar contato<\/span>\r\n                            <i class=\"fas fa-arrow-right\"><\/i>\r\n                        <\/button>\r\n                    <\/form>\r\n                <\/div>\r\n            <\/div>\r\n\r\n        <\/div>\r\n    <\/div>\r\n<\/section>\t\t\t\t<\/div>\n\t\t\t\t\t<\/div>\n\t\t\t\t<\/div>\n\t\t\t\t<\/div>\n\t\t","protected":false},"excerpt":{"rendered":"<p>Contato Fale com a equipe Lajeresk Estamos dispon\u00edveis para atender sua obra com organiza\u00e7\u00e3o, clareza e suporte t\u00e9cnico. Entre em contato para solicitar informa\u00e7\u00f5es, or\u00e7amento ou tirar d\u00favidas sobre concreto, argamassa e opera\u00e7\u00e3o de entrega. lajeresk@hotmail.com (44) 3232-2287 11202407000118 Se preferir, utilize o formul\u00e1rio ao lado. Nossa equipe far\u00e1 o retorno o mais breve poss\u00edvel [&hellip;]<\/p>\n","protected":false},"author":1,"featured_media":0,"parent":0,"menu_order":0,"comment_status":"closed","ping_status":"closed","template":"elementor_header_footer","meta":{"footnotes":""},"class_list":["post-402","page","type-page","status-publish","hentry"],"_links":{"self":[{"href":"https:\/\/sitexis.com.br\/lajeresk\/wp-json\/wp\/v2\/pages\/402","targetHints":{"allow":["GET"]}}],"collection":[{"href":"https:\/\/sitexis.com.br\/lajeresk\/wp-json\/wp\/v2\/pages"}],"about":[{"href":"https:\/\/sitexis.com.br\/lajeresk\/wp-json\/wp\/v2\/types\/page"}],"author":[{"embeddable":true,"href":"https:\/\/sitexis.com.br\/lajeresk\/wp-json\/wp\/v2\/users\/1"}],"replies":[{"embeddable":true,"href":"https:\/\/sitexis.com.br\/lajeresk\/wp-json\/wp\/v2\/comments?post=402"}],"version-history":[{"count":13,"href":"https:\/\/sitexis.com.br\/lajeresk\/wp-json\/wp\/v2\/pages\/402\/revisions"}],"predecessor-version":[{"id":419,"href":"https:\/\/sitexis.com.br\/lajeresk\/wp-json\/wp\/v2\/pages\/402\/revisions\/419"}],"wp:attachment":[{"href":"https:\/\/sitexis.com.br\/lajeresk\/wp-json\/wp\/v2\/media?parent=402"}],"curies":[{"name":"wp","href":"https:\/\/api.w.org\/{rel}","templated":true}]}}