{"id":110,"date":"2026-05-11T19:39:08","date_gmt":"2026-05-11T19:39:08","guid":{"rendered":"https:\/\/sitexis.com.br\/marcoscorpa\/?page_id=110"},"modified":"2026-05-11T21:27:06","modified_gmt":"2026-05-11T21:27:06","slug":"corpo-clinico","status":"publish","type":"page","link":"https:\/\/sitexis.com.br\/marcoscorpa\/corpo-clinico\/","title":{"rendered":"Corpo Cl\u00ednico"},"content":{"rendered":"\t\t<div data-elementor-type=\"wp-page\" data-elementor-id=\"110\" class=\"elementor elementor-110\" data-elementor-post-type=\"page\">\n\t\t\t\t<div class=\"elementor-element elementor-element-3ccd26a e-flex e-con-boxed e-con e-parent\" data-id=\"3ccd26a\" data-element_type=\"container\" data-e-type=\"container\" data-settings=\"{&quot;background_background&quot;:&quot;classic&quot;}\">\n\t\t\t\t\t<div class=\"e-con-inner\">\n\t\t<div class=\"elementor-element elementor-element-abd951e e-con-full e-flex e-con e-child\" data-id=\"abd951e\" data-element_type=\"container\" data-e-type=\"container\">\n\t\t\t\t<div class=\"elementor-element elementor-element-c7458c8 elementor-widget elementor-widget-heading\" data-id=\"c7458c8\" data-element_type=\"widget\" data-e-type=\"widget\" data-widget_type=\"heading.default\">\n\t\t\t\t\t<h2 class=\"elementor-heading-title elementor-size-default\">Equipe m\u00e9dica<\/h2>\t\t\t\t<\/div>\n\t\t\t\t<div class=\"elementor-element elementor-element-4a604aa elementor-widget__width-initial elementor-invisible elementor-widget elementor-widget-heading\" data-id=\"4a604aa\" data-element_type=\"widget\" data-e-type=\"widget\" data-settings=\"{&quot;_animation&quot;:&quot;fadeInLeft&quot;}\" data-widget_type=\"heading.default\">\n\t\t\t\t\t<h2 class=\"elementor-heading-title elementor-size-default\">Corpo cl\u00ednico especializado<\/h2>\t\t\t\t<\/div>\n\t\t\t\t<div class=\"elementor-element elementor-element-d8f0e46 elementor-widget__width-initial elementor-widget elementor-widget-text-editor\" data-id=\"d8f0e46\" data-element_type=\"widget\" data-e-type=\"widget\" data-widget_type=\"text-editor.default\">\n\t\t\t\t\t\t\t\t\t<p>Profissionais titulados e dedicados ao diagn\u00f3stico por imagem, comprometidos com precis\u00e3o, \u00e9tica e cuidado.<\/p>\t\t\t\t\t\t\t\t<\/div>\n\t\t\t\t<\/div>\n\t\t\t\t\t<\/div>\n\t\t\t\t<\/div>\n\t\t<div class=\"elementor-element elementor-element-42d8b76 e-flex e-con-boxed e-con e-parent\" data-id=\"42d8b76\" data-element_type=\"container\" data-e-type=\"container\" data-settings=\"{&quot;background_background&quot;:&quot;classic&quot;}\">\n\t\t\t\t\t<div class=\"e-con-inner\">\n\t\t<div class=\"elementor-element elementor-element-5f64d1a e-con-full e-flex e-con e-child\" data-id=\"5f64d1a\" data-element_type=\"container\" data-e-type=\"container\">\n\t\t\t\t<div class=\"elementor-element elementor-element-55b1ef5 elementor-invisible elementor-widget elementor-widget-html\" data-id=\"55b1ef5\" data-element_type=\"widget\" data-e-type=\"widget\" data-settings=\"{&quot;_animation&quot;:&quot;fadeInUp&quot;}\" data-widget_type=\"html.default\">\n\t\t\t\t\t<link href=\"https:\/\/fonts.googleapis.com\/css2?family=Inter:wght@400;500;600;700&display=swap\" rel=\"stylesheet\">\r\n\r\n<style>\r\n  #cards-medicos * {\r\n    margin: 0;\r\n    padding: 0;\r\n    box-sizing: border-box;\r\n  }\r\n\r\n  #cards-medicos {\r\n    display: grid;\r\n    grid-template-columns: repeat(3, 1fr);\r\n    gap: 20px;\r\n    width: 100%;\r\n    font-family: 'Inter', sans-serif;\r\n  }\r\n\r\n  #cards-medicos .med-card {\r\n    background: #ffffff;\r\n    border: 1px solid #e4edf5;\r\n    border-radius: 18px;\r\n    padding: 24px 24px 28px;\r\n    display: flex;\r\n    flex-direction: column;\r\n    gap: 0;\r\n    transition: transform 0.3s ease, box-shadow 0.3s ease, border-color 0.3s ease;\r\n    cursor: default;\r\n  }\r\n\r\n  #cards-medicos .med-card:hover {\r\n    transform: translateY(-5px);\r\n    box-shadow: 0 16px 40px rgba(74, 144, 196, 0.13);\r\n    border-color: #b8d8f0;\r\n  }\r\n\r\n  \/* Topo: \u00edcone + especialidade *\/\r\n  #cards-medicos .med-header {\r\n    display: flex;\r\n    align-items: center;\r\n    gap: 14px;\r\n    margin-bottom: 20px;\r\n  }\r\n\r\n  #cards-medicos .med-icon {\r\n    width: 46px;\r\n    height: 46px;\r\n    min-width: 46px;\r\n    background: linear-gradient(135deg, #1ab8b8 0%, #0d6e8a 100%);\r\n    border-radius: 50%;\r\n    display: flex;\r\n    align-items: center;\r\n    justify-content: center;\r\n  }\r\n\r\n  #cards-medicos .med-icon svg {\r\n    width: 22px;\r\n    height: 22px;\r\n    stroke: #ffffff;\r\n    fill: none;\r\n    stroke-width: 1.6;\r\n    stroke-linecap: round;\r\n    stroke-linejoin: round;\r\n  }\r\n\r\n  #cards-medicos .med-especialidade {\r\n    font-size: 0.68rem;\r\n    font-weight: 600;\r\n    color: #7a8fa0;\r\n    letter-spacing: 0.1em;\r\n    text-transform: uppercase;\r\n    line-height: 1.4;\r\n  }\r\n\r\n  \/* Nome *\/\r\n  #cards-medicos .med-nome {\r\n    font-size: 1rem;\r\n    font-weight: 700;\r\n    color: #152a3e;\r\n    margin-bottom: 12px;\r\n    line-height: 1.3;\r\n  }\r\n\r\n  \/* CRM \/ RQE *\/\r\n  #cards-medicos .med-registro {\r\n    display: flex;\r\n    flex-direction: column;\r\n    gap: 4px;\r\n  }\r\n\r\n  #cards-medicos .med-registro span {\r\n    font-size: 0.84rem;\r\n    font-weight: 400;\r\n    color: #6b8296;\r\n  }\r\n\r\n  @media (max-width: 900px) {\r\n    #cards-medicos { grid-template-columns: repeat(2, 1fr); }\r\n  }\r\n  @media (max-width: 540px) {\r\n    #cards-medicos { grid-template-columns: 1fr; }\r\n  }\r\n<\/style>\r\n\r\n<!-- \u00cdcone de estetosc\u00f3pio reutilizado via SVG symbol -->\r\n<svg style=\"display:none\">\r\n  <symbol id=\"ico-medico\" viewBox=\"0 0 24 24\">\r\n    <path d=\"M11 2a2 2 0 0 0-2 2v5a2 2 0 0 0 2 2h2a2 2 0 0 0 2-2V4a2 2 0 0 0-2-2h-2z\"\/>\r\n    <path d=\"M5 4a2 2 0 0 0-2 2v3a9 9 0 0 0 18 0V6a2 2 0 0 0-2-2\"\/>\r\n    <line x1=\"12\" y1=\"16\" x2=\"12\" y2=\"18\"\/>\r\n    <circle cx=\"12\" cy=\"20\" r=\"2\"\/>\r\n  <\/symbol>\r\n<\/svg>\r\n\r\n<div id=\"cards-medicos\">\r\n\r\n  <!-- Dr. Marcos Antonio Corpa -->\r\n  <div class=\"med-card\">\r\n    <div class=\"med-header\">\r\n      <div class=\"med-icon\">\r\n        <svg viewBox=\"0 0 24 24\"><use href=\"#ico-medico\"\/><\/svg>\r\n      <\/div>\r\n      <span class=\"med-especialidade\">Radiologia e Diagn\u00f3stico por Imagem<\/span>\r\n    <\/div>\r\n    <span class=\"med-nome\">Dr. Marcos Antonio Corpa<\/span>\r\n    <div class=\"med-registro\">\r\n      <span>CRM\/PR 6.521<\/span>\r\n      <span>RQE 4321<\/span>\r\n    <\/div>\r\n  <\/div>\r\n\r\n  <!-- Dra. Ana Beatriz Corpa -->\r\n  <div class=\"med-card\">\r\n    <div class=\"med-header\">\r\n      <div class=\"med-icon\">\r\n        <svg viewBox=\"0 0 24 24\"><use href=\"#ico-medico\"\/><\/svg>\r\n      <\/div>\r\n      <span class=\"med-especialidade\">Radiologia e Mamografia<\/span>\r\n    <\/div>\r\n    <span class=\"med-nome\">Dra. Ana Beatriz Corpa<\/span>\r\n    <div class=\"med-registro\">\r\n      <span>CRM\/PR 28.117<\/span>\r\n      <span>RQE 19.880<\/span>\r\n    <\/div>\r\n  <\/div>\r\n\r\n  <!-- Dr. Henrique Soares -->\r\n  <div class=\"med-card\">\r\n    <div class=\"med-header\">\r\n      <div class=\"med-icon\">\r\n        <svg viewBox=\"0 0 24 24\"><use href=\"#ico-medico\"\/><\/svg>\r\n      <\/div>\r\n      <span class=\"med-especialidade\">Resson\u00e2ncia Magn\u00e9tica<\/span>\r\n    <\/div>\r\n    <span class=\"med-nome\">Dr. Henrique Soares<\/span>\r\n    <div class=\"med-registro\">\r\n      <span>CRM\/PR 31.402<\/span>\r\n      <span>RQE 22.115<\/span>\r\n    <\/div>\r\n  <\/div>\r\n\r\n  <!-- Dra. Camila Andrade -->\r\n  <div class=\"med-card\">\r\n    <div class=\"med-header\">\r\n      <div class=\"med-icon\">\r\n        <svg viewBox=\"0 0 24 24\"><use href=\"#ico-medico\"\/><\/svg>\r\n      <\/div>\r\n      <span class=\"med-especialidade\">Ultrassonografia Geral<\/span>\r\n    <\/div>\r\n    <span class=\"med-nome\">Dra. Camila Andrade<\/span>\r\n    <div class=\"med-registro\">\r\n      <span>CRM\/PR 34.720<\/span>\r\n      <span>RQE 24.553<\/span>\r\n    <\/div>\r\n  <\/div>\r\n\r\n  <!-- Dr. Rafael Menezes -->\r\n  <div class=\"med-card\">\r\n    <div class=\"med-header\">\r\n      <div class=\"med-icon\">\r\n        <svg viewBox=\"0 0 24 24\"><use href=\"#ico-medico\"\/><\/svg>\r\n      <\/div>\r\n      <span class=\"med-especialidade\">Tomografia Computadorizada<\/span>\r\n    <\/div>\r\n    <span class=\"med-nome\">Dr. Rafael Menezes<\/span>\r\n    <div class=\"med-registro\">\r\n      <span>CRM\/PR 27.005<\/span>\r\n      <span>RQE 18.402<\/span>\r\n    <\/div>\r\n  <\/div>\r\n\r\n  <!-- Dra. Let\u00edcia Ferreira -->\r\n  <div class=\"med-card\">\r\n    <div class=\"med-header\">\r\n      <div class=\"med-icon\">\r\n        <svg viewBox=\"0 0 24 24\"><use href=\"#ico-medico\"\/><\/svg>\r\n      <\/div>\r\n      <span class=\"med-especialidade\">Densitometria \u00d3ssea<\/span>\r\n    <\/div>\r\n    <span class=\"med-nome\">Dra. Let\u00edcia Ferreira<\/span>\r\n    <div class=\"med-registro\">\r\n      <span>CRM\/PR 36.881<\/span>\r\n      <span>RQE 26.110<\/span>\r\n    <\/div>\r\n  <\/div>\r\n\r\n<\/div>\t\t\t\t<\/div>\n\t\t\t\t<\/div>\n\t\t\t\t\t<\/div>\n\t\t\t\t<\/div>\n\t\t\t\t<\/div>\n\t\t","protected":false},"excerpt":{"rendered":"<p>Equipe m\u00e9dica Corpo cl\u00ednico especializado Profissionais titulados e dedicados ao diagn\u00f3stico por imagem, comprometidos com precis\u00e3o, \u00e9tica e cuidado. Radiologia e Diagn\u00f3stico por Imagem Dr. Marcos Antonio Corpa CRM\/PR 6.521 RQE 4321 Radiologia e Mamografia Dra. Ana Beatriz Corpa CRM\/PR 28.117 RQE 19.880 Resson\u00e2ncia Magn\u00e9tica Dr. Henrique Soares CRM\/PR 31.402 RQE 22.115 Ultrassonografia Geral Dra. [&hellip;]<\/p>\n","protected":false},"author":1,"featured_media":0,"parent":0,"menu_order":0,"comment_status":"closed","ping_status":"closed","template":"elementor_header_footer","meta":{"footnotes":""},"class_list":["post-110","page","type-page","status-publish","hentry"],"_links":{"self":[{"href":"https:\/\/sitexis.com.br\/marcoscorpa\/wp-json\/wp\/v2\/pages\/110","targetHints":{"allow":["GET"]}}],"collection":[{"href":"https:\/\/sitexis.com.br\/marcoscorpa\/wp-json\/wp\/v2\/pages"}],"about":[{"href":"https:\/\/sitexis.com.br\/marcoscorpa\/wp-json\/wp\/v2\/types\/page"}],"author":[{"embeddable":true,"href":"https:\/\/sitexis.com.br\/marcoscorpa\/wp-json\/wp\/v2\/users\/1"}],"replies":[{"embeddable":true,"href":"https:\/\/sitexis.com.br\/marcoscorpa\/wp-json\/wp\/v2\/comments?post=110"}],"version-history":[{"count":7,"href":"https:\/\/sitexis.com.br\/marcoscorpa\/wp-json\/wp\/v2\/pages\/110\/revisions"}],"predecessor-version":[{"id":227,"href":"https:\/\/sitexis.com.br\/marcoscorpa\/wp-json\/wp\/v2\/pages\/110\/revisions\/227"}],"wp:attachment":[{"href":"https:\/\/sitexis.com.br\/marcoscorpa\/wp-json\/wp\/v2\/media?parent=110"}],"curies":[{"name":"wp","href":"https:\/\/api.w.org\/{rel}","templated":true}]}}