{"id":48,"date":"2026-02-09T15:23:26","date_gmt":"2026-02-09T15:23:26","guid":{"rendered":"https:\/\/sitexis.com.br\/silvanalages\/?page_id=48"},"modified":"2026-02-16T14:20:59","modified_gmt":"2026-02-16T14:20:59","slug":"cursos","status":"publish","type":"page","link":"https:\/\/sitexis.com.br\/silvanalages\/cursos\/","title":{"rendered":"Cursos"},"content":{"rendered":"\t\t<div data-elementor-type=\"wp-page\" data-elementor-id=\"48\" class=\"elementor elementor-48\" data-elementor-post-type=\"page\">\n\t\t\t\t<div class=\"elementor-element elementor-element-bfb35e8 e-flex e-con-boxed e-con e-parent\" data-id=\"bfb35e8\" data-element_type=\"container\" data-settings=\"{&quot;background_background&quot;:&quot;classic&quot;,&quot;shape_divider_bottom&quot;:&quot;triangle&quot;,&quot;shape_divider_bottom_negative&quot;:&quot;yes&quot;}\">\n\t\t\t\t\t<div class=\"e-con-inner\">\n\t\t\t\t<div class=\"elementor-shape elementor-shape-bottom\" aria-hidden=\"true\" data-negative=\"true\">\n\t\t\t<svg xmlns=\"http:\/\/www.w3.org\/2000\/svg\" viewBox=\"0 0 1000 100\" preserveAspectRatio=\"none\">\n\t<path class=\"elementor-shape-fill\" d=\"M500.2,94.7L0,0v100h1000V0L500.2,94.7z\"\/>\n<\/svg>\t\t<\/div>\n\t\t<div class=\"elementor-element elementor-element-b43aa6c e-con-full e-flex e-con e-child\" data-id=\"b43aa6c\" data-element_type=\"container\">\n\t\t\t\t<div class=\"elementor-element elementor-element-548e094 elementor-widget elementor-widget-heading\" data-id=\"548e094\" data-element_type=\"widget\" data-widget_type=\"heading.default\">\n\t\t\t\t\t<p class=\"elementor-heading-title elementor-size-default\">Nossos Cursos<\/p>\t\t\t\t<\/div>\n\t\t\t\t<div class=\"elementor-element elementor-element-9e85d5f elementor-invisible elementor-widget elementor-widget-heading\" data-id=\"9e85d5f\" data-element_type=\"widget\" data-settings=\"{&quot;_animation&quot;:&quot;fadeInLeft&quot;}\" data-widget_type=\"heading.default\">\n\t\t\t\t\t<h1 class=\"elementor-heading-title elementor-size-default\">CARD\u00c1PIO DE <span class=\"destaque\">CURSOS<\/span> DE MARCA PESSOAL<\/h1>\t\t\t\t<\/div>\n\t\t\t\t<\/div>\n\t\t<div class=\"elementor-element elementor-element-37f185a e-con-full e-flex e-con e-child\" data-id=\"37f185a\" data-element_type=\"container\">\n\t\t\t\t<\/div>\n\t\t\t\t\t<\/div>\n\t\t\t\t<\/div>\n\t\t<div class=\"elementor-element elementor-element-84715f9 e-flex e-con-boxed e-con e-parent\" data-id=\"84715f9\" data-element_type=\"container\">\n\t\t\t\t\t<div class=\"e-con-inner\">\n\t\t\t\t<div class=\"elementor-element elementor-element-67bc3db elementor-absolute elementor-widget elementor-widget-image\" data-id=\"67bc3db\" data-element_type=\"widget\" data-settings=\"{&quot;_position&quot;:&quot;absolute&quot;}\" data-widget_type=\"image.default\">\n\t\t\t\t\t\t\t\t\t\t\t\t\t\t\t<img fetchpriority=\"high\" decoding=\"async\" width=\"1080\" height=\"1080\" src=\"https:\/\/sitexis.com.br\/silvanalages\/wp-content\/uploads\/2026\/02\/Silvana-Lages-4.gif\" class=\"attachment-full size-full wp-image-957\" alt=\"\" \/>\t\t\t\t\t\t\t\t\t\t\t\t\t\t\t<\/div>\n\t\t\t\t\t<\/div>\n\t\t\t\t<\/div>\n\t\t<div class=\"elementor-element elementor-element-8aaa0b1 e-flex e-con-boxed e-con e-parent\" data-id=\"8aaa0b1\" data-element_type=\"container\" data-settings=\"{&quot;background_background&quot;:&quot;classic&quot;}\">\n\t\t\t\t\t<div class=\"e-con-inner\">\n\t\t\t\t<div class=\"elementor-element elementor-element-0a748bf elementor-widget elementor-widget-html\" data-id=\"0a748bf\" data-element_type=\"widget\" data-widget_type=\"html.default\">\n\t\t\t\t\t<hr class=\"hr-diagonal\">\t\t\t\t<\/div>\n\t\t\t\t<div class=\"elementor-element elementor-element-4e43a69 elementor-widget elementor-widget-text-editor\" data-id=\"4e43a69\" data-element_type=\"widget\" data-widget_type=\"text-editor.default\">\n\t\t\t\t\t\t\t\t\t<p><span style=\"font-weight: 400;\">Este \u00e9 o <\/span><b>card\u00e1pio de cursos de marca pessoal<\/b><span style=\"font-weight: 400;\">, posicionamento profissional e visibilidade desenvolvidos por <\/span><b>Silvana Lages<\/b><span style=\"font-weight: 400;\">, especialista em marca pessoal e autora do livro <\/span><i><span style=\"font-weight: 400;\">Fa\u00e7a Sua Marca Pessoal Trabalhar a Seu Favor<\/span><\/i><span style=\"font-weight: 400;\">.<\/span><\/p><p><span style=\"font-weight: 400;\">Aqui voc\u00ea encontra <\/span><b>cursos online de marca pessoal<\/b><span style=\"font-weight: 400;\"> voltados para profissionais e empreendedores que desejam:<\/span><\/p><ul><li style=\"font-weight: 400;\" aria-level=\"1\"><span style=\"font-weight: 400;\">se posicionar melhor no mercado<\/span><\/li><li style=\"font-weight: 400;\" aria-level=\"1\"><span style=\"font-weight: 400;\">fortalecer sua marca pessoal<\/span><\/li><li style=\"font-weight: 400;\" aria-level=\"1\"><span style=\"font-weight: 400;\">aumentar reconhecimento e valor percebido<\/span><\/li><li style=\"font-weight: 400;\" aria-level=\"1\"><span style=\"font-weight: 400;\">desenvolver seguran\u00e7a, clareza e autoridade profissional<\/span><\/li><\/ul><p><span style=\"font-weight: 400;\">Cada curso de marca pessoal atende a um <\/span><b>momento diferente da jornada profissional<\/b><span style=\"font-weight: 400;\">, desde quem est\u00e1 come\u00e7ando a se posicionar at\u00e9 quem deseja aprofundar estrat\u00e9gia, comunica\u00e7\u00e3o e visibilidade.<\/span><\/p><p><span style=\"font-weight: 400;\">Escolha o curso de marca pessoal mais adequado para o seu momento atual.<\/span><\/p>\t\t\t\t\t\t\t\t<\/div>\n\t\t\t\t\t<\/div>\n\t\t\t\t<\/div>\n\t\t<div class=\"elementor-element elementor-element-588ea3a e-flex e-con-boxed e-con e-parent\" data-id=\"588ea3a\" data-element_type=\"container\">\n\t\t\t\t\t<div class=\"e-con-inner\">\n\t\t\t\t<div class=\"elementor-element elementor-element-8ab0736 elementor-widget elementor-widget-html\" data-id=\"8ab0736\" data-element_type=\"widget\" data-widget_type=\"html.default\">\n\t\t\t\t\t<hr class=\"hr-diagonal\">\t\t\t\t<\/div>\n\t\t\t\t<div class=\"elementor-element elementor-element-cd940cc elementor-invisible elementor-widget elementor-widget-heading\" data-id=\"cd940cc\" data-element_type=\"widget\" data-settings=\"{&quot;_animation&quot;:&quot;fadeInLeft&quot;}\" data-widget_type=\"heading.default\">\n\t\t\t\t\t<h2 class=\"elementor-heading-title elementor-size-default\">Nossos<br> <span class=\"destaque\">Cursos<\/span><\/h2>\t\t\t\t<\/div>\n\t\t\t\t\t<\/div>\n\t\t\t\t<\/div>\n\t\t<div class=\"elementor-element elementor-element-381c5c8 e-flex e-con-boxed e-con e-parent\" data-id=\"381c5c8\" data-element_type=\"container\">\n\t\t\t\t\t<div class=\"e-con-inner\">\n\t\t\t\t<div class=\"elementor-element elementor-element-a9392f7 elespare-section-title-elespare-left elementor-widget elementor-widget-post-single-column\" data-id=\"a9392f7\" data-element_type=\"widget\" data-widget_type=\"post-single-column.default\">\n\t\t\t\t\t\n    <div class=\"elespare-single-list-wrap single-list-layout has-background  \">\n      <div class=\"elespare-posts-wrap elementor-grid single-list-style-1  elespare-image-zoom elespare-light elespare-layout-alternate\">\n                    <div class=\"elespare-posts-single-list-post-items\">\n\n              <div class=\"elespare-img-wrapper\">\n                \n      <a href=\"https:\/\/sitexis.com.br\/silvanalages\/diferencie-se\/\" aria-label=\"DIFERENCIE-SE\">\n        <img decoding=\"async\" width=\"2560\" height=\"1183\" src=\"https:\/\/sitexis.com.br\/silvanalages\/wp-content\/uploads\/2026\/02\/Diferencie-se-retangular-scaled.jpg\" class=\"attachment-full size-full wp-post-image\" alt=\"DIFERENCIE-SE\" srcset=\"https:\/\/sitexis.com.br\/silvanalages\/wp-content\/uploads\/2026\/02\/Diferencie-se-retangular-scaled.jpg 2560w, https:\/\/sitexis.com.br\/silvanalages\/wp-content\/uploads\/2026\/02\/Diferencie-se-retangular-300x139.jpg 300w, https:\/\/sitexis.com.br\/silvanalages\/wp-content\/uploads\/2026\/02\/Diferencie-se-retangular-1024x473.jpg 1024w, https:\/\/sitexis.com.br\/silvanalages\/wp-content\/uploads\/2026\/02\/Diferencie-se-retangular-768x355.jpg 768w, https:\/\/sitexis.com.br\/silvanalages\/wp-content\/uploads\/2026\/02\/Diferencie-se-retangular-1536x710.jpg 1536w, https:\/\/sitexis.com.br\/silvanalages\/wp-content\/uploads\/2026\/02\/Diferencie-se-retangular-2048x946.jpg 2048w\" sizes=\"(max-width: 2560px) 100vw, 2560px\" \/>      <\/a>\n\n    \n                \n                  \n                                              <\/div>\n              <div class=\"elespare-content-wrapper\">\n                <ul class='elespare-cat-links solid'><li class=\"elespare-meta-category\">\n                      <a class=\"elespare-categories\" href=\"https:\/\/sitexis.com.br\/silvanalages\/category\/cursos\/\" aria-label=\"View all posts in Cursos category\">\n                      \n                        Cursos\n                      <\/a>\n                  <\/li><\/ul>\n    <h3 class=\"elespare-post-title\">\n      <a href=\"https:\/\/sitexis.com.br\/silvanalages\/diferencie-se\/\"> <span>DIFERENCIE-SE<\/span><\/a>\n    <\/h3>\n          <div class=\"elespare-metadata\">\n                  <span class=\"post-author\">\n            <a href=\"https:\/\/sitexis.com.br\/silvanalages\/author\/silvana-lages\/\">\n                              <i class=\"demo-icon elespare-icons-user-circle-regular\" aria-hidden=\"true\"><\/i>\n              Silvana Lages            <\/a>\n          <\/span>\n                          <span class=\"elespare-posts-full-post-author\">\n            <a href=\"https:\/\/sitexis.com.br\/silvanalages\/2026\/\">\n              <i class=\"demo-icon elespare-icons-clock-regular\" aria-hidden=\"true\"><\/i>\n              16\/02\/2026            <\/a>\n          <\/span>\n                          <span class=\"comment_count\">\n            <i class=\"demo-icon elespare-icons-comment-empty\" aria-hidden=\"true\"><\/i>\n            0          <\/span>\n              <\/div>\n\n    <div class=\"elespare-exceprt\">\n                <\/div>\n  \n              <\/div>\n            <\/div>\n                    <div class=\"elespare-posts-single-list-post-items\">\n\n              <div class=\"elespare-img-wrapper\">\n                \n      <a href=\"https:\/\/sitexis.com.br\/silvanalages\/venda-se-2\/\" aria-label=\"VENDA-SE\">\n        <img decoding=\"async\" width=\"2560\" height=\"1183\" src=\"https:\/\/sitexis.com.br\/silvanalages\/wp-content\/uploads\/2026\/02\/Venda-se-retangular-scaled.jpg\" class=\"attachment-full size-full wp-post-image\" alt=\"VENDA-SE\" srcset=\"https:\/\/sitexis.com.br\/silvanalages\/wp-content\/uploads\/2026\/02\/Venda-se-retangular-scaled.jpg 2560w, https:\/\/sitexis.com.br\/silvanalages\/wp-content\/uploads\/2026\/02\/Venda-se-retangular-300x139.jpg 300w, https:\/\/sitexis.com.br\/silvanalages\/wp-content\/uploads\/2026\/02\/Venda-se-retangular-1024x473.jpg 1024w, https:\/\/sitexis.com.br\/silvanalages\/wp-content\/uploads\/2026\/02\/Venda-se-retangular-768x355.jpg 768w, https:\/\/sitexis.com.br\/silvanalages\/wp-content\/uploads\/2026\/02\/Venda-se-retangular-1536x710.jpg 1536w, https:\/\/sitexis.com.br\/silvanalages\/wp-content\/uploads\/2026\/02\/Venda-se-retangular-2048x946.jpg 2048w\" sizes=\"(max-width: 2560px) 100vw, 2560px\" \/>      <\/a>\n\n    \n                \n                  \n                                              <\/div>\n              <div class=\"elespare-content-wrapper\">\n                <ul class='elespare-cat-links solid'><li class=\"elespare-meta-category\">\n                      <a class=\"elespare-categories\" href=\"https:\/\/sitexis.com.br\/silvanalages\/category\/cursos\/\" aria-label=\"View all posts in Cursos category\">\n                      \n                        Cursos\n                      <\/a>\n                  <\/li><\/ul>\n    <h3 class=\"elespare-post-title\">\n      <a href=\"https:\/\/sitexis.com.br\/silvanalages\/venda-se-2\/\"> <span>VENDA-SE<\/span><\/a>\n    <\/h3>\n          <div class=\"elespare-metadata\">\n                  <span class=\"post-author\">\n            <a href=\"https:\/\/sitexis.com.br\/silvanalages\/author\/silvana-lages\/\">\n                              <i class=\"demo-icon elespare-icons-user-circle-regular\" aria-hidden=\"true\"><\/i>\n              Silvana Lages            <\/a>\n          <\/span>\n                          <span class=\"elespare-posts-full-post-author\">\n            <a href=\"https:\/\/sitexis.com.br\/silvanalages\/2026\/\">\n              <i class=\"demo-icon elespare-icons-clock-regular\" aria-hidden=\"true\"><\/i>\n              16\/02\/2026            <\/a>\n          <\/span>\n                          <span class=\"comment_count\">\n            <i class=\"demo-icon elespare-icons-comment-empty\" aria-hidden=\"true\"><\/i>\n            0          <\/span>\n              <\/div>\n\n    <div class=\"elespare-exceprt\">\n                <\/div>\n  \n              <\/div>\n            <\/div>\n                    <div class=\"elespare-posts-single-list-post-items\">\n\n              <div class=\"elespare-img-wrapper\">\n                \n      <a href=\"https:\/\/sitexis.com.br\/silvanalages\/transformando-desconhecidos-em-clientes\/\" aria-label=\"TRANSFORMANDO DESCONHECIDOS EM CLIENTES\">\n        <img loading=\"lazy\" decoding=\"async\" width=\"2560\" height=\"1183\" src=\"https:\/\/sitexis.com.br\/silvanalages\/wp-content\/uploads\/2026\/02\/Desconhecidos-em-clientes-retangular-scaled.jpg\" class=\"attachment-full size-full wp-post-image\" alt=\"TRANSFORMANDO DESCONHECIDOS EM CLIENTES\" srcset=\"https:\/\/sitexis.com.br\/silvanalages\/wp-content\/uploads\/2026\/02\/Desconhecidos-em-clientes-retangular-scaled.jpg 2560w, https:\/\/sitexis.com.br\/silvanalages\/wp-content\/uploads\/2026\/02\/Desconhecidos-em-clientes-retangular-300x139.jpg 300w, https:\/\/sitexis.com.br\/silvanalages\/wp-content\/uploads\/2026\/02\/Desconhecidos-em-clientes-retangular-1024x473.jpg 1024w, https:\/\/sitexis.com.br\/silvanalages\/wp-content\/uploads\/2026\/02\/Desconhecidos-em-clientes-retangular-768x355.jpg 768w, https:\/\/sitexis.com.br\/silvanalages\/wp-content\/uploads\/2026\/02\/Desconhecidos-em-clientes-retangular-1536x710.jpg 1536w, https:\/\/sitexis.com.br\/silvanalages\/wp-content\/uploads\/2026\/02\/Desconhecidos-em-clientes-retangular-2048x947.jpg 2048w\" sizes=\"(max-width: 2560px) 100vw, 2560px\" \/>      <\/a>\n\n    \n                \n                  \n                                              <\/div>\n              <div class=\"elespare-content-wrapper\">\n                <ul class='elespare-cat-links solid'><li class=\"elespare-meta-category\">\n                      <a class=\"elespare-categories\" href=\"https:\/\/sitexis.com.br\/silvanalages\/category\/cursos\/\" aria-label=\"View all posts in Cursos category\">\n                      \n                        Cursos\n                      <\/a>\n                  <\/li><\/ul>\n    <h3 class=\"elespare-post-title\">\n      <a href=\"https:\/\/sitexis.com.br\/silvanalages\/transformando-desconhecidos-em-clientes\/\"> <span>TRANSFORMANDO DESCONHECIDOS EM CLIENTES<\/span><\/a>\n    <\/h3>\n          <div class=\"elespare-metadata\">\n                  <span class=\"post-author\">\n            <a href=\"https:\/\/sitexis.com.br\/silvanalages\/author\/silvana-lages\/\">\n                              <i class=\"demo-icon elespare-icons-user-circle-regular\" aria-hidden=\"true\"><\/i>\n              Silvana Lages            <\/a>\n          <\/span>\n                          <span class=\"elespare-posts-full-post-author\">\n            <a href=\"https:\/\/sitexis.com.br\/silvanalages\/2026\/\">\n              <i class=\"demo-icon elespare-icons-clock-regular\" aria-hidden=\"true\"><\/i>\n              16\/02\/2026            <\/a>\n          <\/span>\n                          <span class=\"comment_count\">\n            <i class=\"demo-icon elespare-icons-comment-empty\" aria-hidden=\"true\"><\/i>\n            0          <\/span>\n              <\/div>\n\n    <div class=\"elespare-exceprt\">\n                <\/div>\n  \n              <\/div>\n            <\/div>\n                    <div class=\"elespare-posts-single-list-post-items\">\n\n              <div class=\"elespare-img-wrapper\">\n                \n      <a href=\"https:\/\/sitexis.com.br\/silvanalages\/potencialize-se\/\" aria-label=\"POTENCIALIZE-SE\">\n        <img loading=\"lazy\" decoding=\"async\" width=\"2560\" height=\"1183\" src=\"https:\/\/sitexis.com.br\/silvanalages\/wp-content\/uploads\/2026\/02\/Potencialize-se-retangular-scaled.jpg\" class=\"attachment-full size-full wp-post-image\" alt=\"POTENCIALIZE-SE\" srcset=\"https:\/\/sitexis.com.br\/silvanalages\/wp-content\/uploads\/2026\/02\/Potencialize-se-retangular-scaled.jpg 2560w, https:\/\/sitexis.com.br\/silvanalages\/wp-content\/uploads\/2026\/02\/Potencialize-se-retangular-300x139.jpg 300w, https:\/\/sitexis.com.br\/silvanalages\/wp-content\/uploads\/2026\/02\/Potencialize-se-retangular-1024x473.jpg 1024w, https:\/\/sitexis.com.br\/silvanalages\/wp-content\/uploads\/2026\/02\/Potencialize-se-retangular-768x355.jpg 768w, https:\/\/sitexis.com.br\/silvanalages\/wp-content\/uploads\/2026\/02\/Potencialize-se-retangular-1536x710.jpg 1536w, https:\/\/sitexis.com.br\/silvanalages\/wp-content\/uploads\/2026\/02\/Potencialize-se-retangular-2048x946.jpg 2048w\" sizes=\"(max-width: 2560px) 100vw, 2560px\" \/>      <\/a>\n\n    \n                \n                  \n                                              <\/div>\n              <div class=\"elespare-content-wrapper\">\n                <ul class='elespare-cat-links solid'><li class=\"elespare-meta-category\">\n                      <a class=\"elespare-categories\" href=\"https:\/\/sitexis.com.br\/silvanalages\/category\/cursos\/\" aria-label=\"View all posts in Cursos category\">\n                      \n                        Cursos\n                      <\/a>\n                  <\/li><\/ul>\n    <h3 class=\"elespare-post-title\">\n      <a href=\"https:\/\/sitexis.com.br\/silvanalages\/potencialize-se\/\"> <span>POTENCIALIZE-SE<\/span><\/a>\n    <\/h3>\n          <div class=\"elespare-metadata\">\n                  <span class=\"post-author\">\n            <a href=\"https:\/\/sitexis.com.br\/silvanalages\/author\/silvana-lages\/\">\n                              <i class=\"demo-icon elespare-icons-user-circle-regular\" aria-hidden=\"true\"><\/i>\n              Silvana Lages            <\/a>\n          <\/span>\n                          <span class=\"elespare-posts-full-post-author\">\n            <a href=\"https:\/\/sitexis.com.br\/silvanalages\/2026\/\">\n              <i class=\"demo-icon elespare-icons-clock-regular\" aria-hidden=\"true\"><\/i>\n              16\/02\/2026            <\/a>\n          <\/span>\n                          <span class=\"comment_count\">\n            <i class=\"demo-icon elespare-icons-comment-empty\" aria-hidden=\"true\"><\/i>\n            0          <\/span>\n              <\/div>\n\n    <div class=\"elespare-exceprt\">\n                <\/div>\n  \n              <\/div>\n            <\/div>\n                    <div class=\"elespare-posts-single-list-post-items\">\n\n              <div class=\"elespare-img-wrapper\">\n                \n      <a href=\"https:\/\/sitexis.com.br\/silvanalages\/reinvente-se\/\" aria-label=\"REINVENTE-SE\">\n        <img loading=\"lazy\" decoding=\"async\" width=\"2560\" height=\"1182\" src=\"https:\/\/sitexis.com.br\/silvanalages\/wp-content\/uploads\/2026\/02\/Reivente-se-retangular-scaled.jpg\" class=\"attachment-full size-full wp-post-image\" alt=\"REINVENTE-SE\" srcset=\"https:\/\/sitexis.com.br\/silvanalages\/wp-content\/uploads\/2026\/02\/Reivente-se-retangular-scaled.jpg 2560w, https:\/\/sitexis.com.br\/silvanalages\/wp-content\/uploads\/2026\/02\/Reivente-se-retangular-300x139.jpg 300w, https:\/\/sitexis.com.br\/silvanalages\/wp-content\/uploads\/2026\/02\/Reivente-se-retangular-1024x473.jpg 1024w, https:\/\/sitexis.com.br\/silvanalages\/wp-content\/uploads\/2026\/02\/Reivente-se-retangular-768x355.jpg 768w, https:\/\/sitexis.com.br\/silvanalages\/wp-content\/uploads\/2026\/02\/Reivente-se-retangular-1536x709.jpg 1536w, https:\/\/sitexis.com.br\/silvanalages\/wp-content\/uploads\/2026\/02\/Reivente-se-retangular-2048x946.jpg 2048w\" sizes=\"(max-width: 2560px) 100vw, 2560px\" \/>      <\/a>\n\n    \n                \n                  \n                                              <\/div>\n              <div class=\"elespare-content-wrapper\">\n                <ul class='elespare-cat-links solid'><li class=\"elespare-meta-category\">\n                      <a class=\"elespare-categories\" href=\"https:\/\/sitexis.com.br\/silvanalages\/category\/cursos\/\" aria-label=\"View all posts in Cursos category\">\n                      \n                        Cursos\n                      <\/a>\n                  <\/li><\/ul>\n    <h3 class=\"elespare-post-title\">\n      <a href=\"https:\/\/sitexis.com.br\/silvanalages\/reinvente-se\/\"> <span>REINVENTE-SE<\/span><\/a>\n    <\/h3>\n          <div class=\"elespare-metadata\">\n                  <span class=\"post-author\">\n            <a href=\"https:\/\/sitexis.com.br\/silvanalages\/author\/admin\/\">\n                              <i class=\"demo-icon elespare-icons-user-circle-regular\" aria-hidden=\"true\"><\/i>\n              admin            <\/a>\n          <\/span>\n                          <span class=\"elespare-posts-full-post-author\">\n            <a href=\"https:\/\/sitexis.com.br\/silvanalages\/2026\/\">\n              <i class=\"demo-icon elespare-icons-clock-regular\" aria-hidden=\"true\"><\/i>\n              16\/02\/2026            <\/a>\n          <\/span>\n                          <span class=\"comment_count\">\n            <i class=\"demo-icon elespare-icons-comment-empty\" aria-hidden=\"true\"><\/i>\n            0          <\/span>\n              <\/div>\n\n    <div class=\"elespare-exceprt\">\n                <\/div>\n  \n              <\/div>\n            <\/div>\n              <\/div>\n    <\/div>\n    \t\t\t\t<\/div>\n\t\t\t\t\t<\/div>\n\t\t\t\t<\/div>\n\t\t\t\t<\/div>\n\t\t","protected":false},"excerpt":{"rendered":"<p>Nossos Cursos CARD\u00c1PIO DE CURSOS DE MARCA PESSOAL Este \u00e9 o card\u00e1pio de cursos de marca pessoal, posicionamento profissional e visibilidade desenvolvidos por Silvana Lages, especialista em marca pessoal e autora do livro Fa\u00e7a Sua Marca Pessoal Trabalhar a Seu Favor. Aqui voc\u00ea encontra cursos online de marca pessoal voltados para profissionais e empreendedores que [&hellip;]<\/p>\n","protected":false},"author":1,"featured_media":0,"parent":0,"menu_order":0,"comment_status":"closed","ping_status":"closed","template":"","meta":{"footnotes":""},"class_list":["post-48","page","type-page","status-publish","hentry"],"_links":{"self":[{"href":"https:\/\/sitexis.com.br\/silvanalages\/wp-json\/wp\/v2\/pages\/48","targetHints":{"allow":["GET"]}}],"collection":[{"href":"https:\/\/sitexis.com.br\/silvanalages\/wp-json\/wp\/v2\/pages"}],"about":[{"href":"https:\/\/sitexis.com.br\/silvanalages\/wp-json\/wp\/v2\/types\/page"}],"author":[{"embeddable":true,"href":"https:\/\/sitexis.com.br\/silvanalages\/wp-json\/wp\/v2\/users\/1"}],"replies":[{"embeddable":true,"href":"https:\/\/sitexis.com.br\/silvanalages\/wp-json\/wp\/v2\/comments?post=48"}],"version-history":[{"count":73,"href":"https:\/\/sitexis.com.br\/silvanalages\/wp-json\/wp\/v2\/pages\/48\/revisions"}],"predecessor-version":[{"id":1332,"href":"https:\/\/sitexis.com.br\/silvanalages\/wp-json\/wp\/v2\/pages\/48\/revisions\/1332"}],"wp:attachment":[{"href":"https:\/\/sitexis.com.br\/silvanalages\/wp-json\/wp\/v2\/media?parent=48"}],"curies":[{"name":"wp","href":"https:\/\/api.w.org\/{rel}","templated":true}]}}