{"id":58,"date":"2026-02-09T15:25:07","date_gmt":"2026-02-09T15:25:07","guid":{"rendered":"https:\/\/sitexis.com.br\/silvanalages\/?page_id=58"},"modified":"2026-03-13T17:35:18","modified_gmt":"2026-03-13T17:35:18","slug":"clientes","status":"publish","type":"page","link":"https:\/\/sitexis.com.br\/silvanalages\/clientes\/","title":{"rendered":"Clientes"},"content":{"rendered":"\t\t<div data-elementor-type=\"wp-page\" data-elementor-id=\"58\" class=\"elementor elementor-58\" data-elementor-post-type=\"page\">\n\t\t\t\t<div class=\"elementor-element elementor-element-09e882b e-flex e-con-boxed e-con e-parent\" data-id=\"09e882b\" data-element_type=\"container\" data-settings=\"{&quot;background_background&quot;:&quot;classic&quot;,&quot;shape_divider_bottom&quot;:&quot;waves&quot;,&quot;shape_divider_bottom_negative&quot;:&quot;yes&quot;}\">\n\t\t\t\t\t<div class=\"e-con-inner\">\n\t\t\t\t<div class=\"elementor-shape elementor-shape-bottom\" aria-hidden=\"true\" data-negative=\"true\">\n\t\t\t<svg xmlns=\"http:\/\/www.w3.org\/2000\/svg\" viewBox=\"0 0 1000 100\" preserveAspectRatio=\"none\">\n\t<path class=\"elementor-shape-fill\" d=\"M790.5,93.1c-59.3-5.3-116.8-18-192.6-50c-29.6-12.7-76.9-31-100.5-35.9c-23.6-4.9-52.6-7.8-75.5-5.3\n\tc-10.2,1.1-22.6,1.4-50.1,7.4c-27.2,6.3-58.2,16.6-79.4,24.7c-41.3,15.9-94.9,21.9-134,22.6C72,58.2,0,25.8,0,25.8V100h1000V65.3\n\tc0,0-51.5,19.4-106.2,25.7C839.5,97,814.1,95.2,790.5,93.1z\"\/>\n<\/svg>\t\t<\/div>\n\t\t\t\t<div class=\"elementor-element elementor-element-e5bf9a7 elementor-widget elementor-widget-heading\" data-id=\"e5bf9a7\" data-element_type=\"widget\" data-widget_type=\"heading.default\">\n\t\t\t\t\t<h2 class=\"elementor-heading-title elementor-size-default\">Nossos <span class=\"destaque\">Clientes<\/span><\/h2>\t\t\t\t<\/div>\n\t\t\t\t<div class=\"elementor-element elementor-element-6525436 elementor-widget elementor-widget-text-editor\" data-id=\"6525436\" data-element_type=\"widget\" data-widget_type=\"text-editor.default\">\n\t\t\t\t\t\t\t\t\t<p><span style=\"font-weight: 400;\">Empresas n\u00e3o contratam palestras apenas por conte\u00fado.<\/span><span style=\"font-weight: 400;\"><br \/><\/span><span style=\"font-weight: 400;\">Elas contratam <\/span><b>seguran\u00e7a, alinhamento e impacto real<\/b><span style=\"font-weight: 400;\">.<\/span><\/p>\t\t\t\t\t\t\t\t<\/div>\n\t\t\t\t<div class=\"elementor-element elementor-element-d455239 elementor-absolute elementor-widget elementor-widget-image\" data-id=\"d455239\" data-element_type=\"widget\" data-settings=\"{&quot;_position&quot;:&quot;absolute&quot;}\" data-widget_type=\"image.default\">\n\t\t\t\t\t\t\t\t\t\t\t\t\t\t\t<img fetchpriority=\"high\" decoding=\"async\" width=\"400\" height=\"400\" src=\"https:\/\/sitexis.com.br\/silvanalages\/wp-content\/uploads\/2026\/02\/Silvana-Lages-2.gif\" class=\"attachment-full size-full wp-image-723\" alt=\"\" \/>\t\t\t\t\t\t\t\t\t\t\t\t\t\t\t<\/div>\n\t\t<div class=\"elementor-element elementor-element-b696bbd e-con-full e-flex e-con e-child\" data-id=\"b696bbd\" data-element_type=\"container\">\n\t\t\t\t<div class=\"elementor-element elementor-element-4f589b1 elementor-widget elementor-widget-html\" data-id=\"4f589b1\" data-element_type=\"widget\" data-widget_type=\"html.default\">\n\t\t\t\t\t<style>\r\n    .breadcrumb {\r\n  font-family: \"Poppins\", sans-serif;\r\n  font-size: 14px;\r\n  margin: 10px 0;\r\n}\r\n\r\n.breadcrumb a {\r\n  color: #ffffff;\r\n  text-decoration: none;\r\n  transition: 0.2s;\r\n}\r\n\r\n.breadcrumb a:hover {\r\n  text-decoration: underline;\r\n}\r\n\r\n.breadcrumb span {\r\n  margin: 0 5px;\r\n  color: #bbbbbb;\r\n}\r\n\r\n<\/style>\r\n<nav class=\"breadcrumb\"><\/nav>\r\n\r\n    <script>\r\ndocument.addEventListener(\"DOMContentLoaded\", function() {\r\n  const breadcrumb = document.querySelector(\".breadcrumb\");\r\n  if (!breadcrumb) return;\r\n\r\n  const pathArray = window.location.pathname.split(\"\/\").filter(Boolean);\r\n  let currentPath = \"\/\";\r\n  let html = `<a href=\"\/\">Home<\/a>`;\r\n\r\n  pathArray.forEach((part, index) => {\r\n    currentPath += part + \"\/\";\r\n    const name = decodeURIComponent(part.replace(\/-\/g, \" \"));\r\n    if (index === pathArray.length - 1) {\r\n      html += ` <span>\u203a<\/span> <span>${name}<\/span>`;\r\n    } else {\r\n      html += ` <span>\u203a<\/span> <a href=\"${currentPath}\">${name}<\/a>`;\r\n    }\r\n  });\r\n\r\n  breadcrumb.innerHTML = html;\r\n});\r\n<\/script>\r\n\t\t\t\t<\/div>\n\t\t\t\t<\/div>\n\t\t\t\t\t<\/div>\n\t\t\t\t<\/div>\n\t\t<div class=\"elementor-element elementor-element-3d7a484 e-flex e-con-boxed e-con e-parent\" data-id=\"3d7a484\" data-element_type=\"container\" data-settings=\"{&quot;background_background&quot;:&quot;classic&quot;}\">\n\t\t\t\t\t<div class=\"e-con-inner\">\n\t\t\t\t<div class=\"elementor-element elementor-element-cfced2e elementor-widget elementor-widget-heading\" data-id=\"cfced2e\" data-element_type=\"widget\" data-widget_type=\"heading.default\">\n\t\t\t\t\t<h2 class=\"elementor-heading-title elementor-size-default\">Empresas n\u00e3o contratam palestras apenas por conte\u00fado.\nElas contratam seguran\u00e7a, alinhamento e impacto real.\n<\/h2>\t\t\t\t<\/div>\n\t\t\t\t<div class=\"elementor-element elementor-element-cd55547 elementor-widget elementor-widget-html\" data-id=\"cd55547\" data-element_type=\"widget\" data-widget_type=\"html.default\">\n\t\t\t\t\t<hr class=\"hr-diagonal\">\t\t\t\t<\/div>\n\t\t\t\t<div class=\"elementor-element elementor-element-d639e78 elementor-widget elementor-widget-text-editor\" data-id=\"d639e78\" data-element_type=\"widget\" data-widget_type=\"text-editor.default\">\n\t\t\t\t\t\t\t\t\t<p><span style=\"font-weight: 400;\">Ao longo de mais de 20 anos de atua\u00e7\u00e3o, <\/span><b>Silvana Lages<\/b><span style=\"font-weight: 400;\"> j\u00e1 foi contratada por empresas de diferentes portes e segmentos para desenvolver pessoas, fortalecer posicionamento e alinhar comportamento \u00e0 cultura organizacional.<\/span><\/p><p><span style=\"font-weight: 400;\">Os clientes abaixo confiaram neste trabalho porque entenderam que <\/span><b>marca pessoal, comportamento e posicionamento impactam diretamente resultados, reputa\u00e7\u00e3o e clima organizacional<\/b><span style=\"font-weight: 400;\">.<\/span><\/p>\t\t\t\t\t\t\t\t<\/div>\n\t\t\t\t\t<\/div>\n\t\t\t\t<\/div>\n\t\t<div class=\"elementor-element elementor-element-1738cfc e-flex e-con-boxed e-con e-parent\" data-id=\"1738cfc\" data-element_type=\"container\">\n\t\t\t\t\t<div class=\"e-con-inner\">\n\t\t\t\t<div class=\"elementor-element elementor-element-f62eb8f elementor-widget elementor-widget-html\" data-id=\"f62eb8f\" data-element_type=\"widget\" data-widget_type=\"html.default\">\n\t\t\t\t\t<style>\r\n  .carousel-container {\r\n    width: 100%;\r\n    max-width: 2000px;\r\n\r\n    \r\n    height: 150px;\r\n    overflow: hidden;\r\n    position: relative;\r\n    margin: auto;\r\n  }\r\n\r\n  .carousel-track {\r\n    display: flex;\r\n    width: max-content;\r\n    animation: scroll 60s linear infinite;\r\n  }\r\n\r\n  .carousel-slide {\r\n    flex: 0 0 auto;\r\n    width: 150px;\r\n    height: 150px;\r\n    margin: 0 30px;\r\n  }\r\n\r\n  .carousel-slide img {\r\n    width: 100%;\r\n    height: 100%;\r\n    object-fit: contain;\r\n    filter: grayscale(100%) opacity(0.6);\r\n    transition: filter 0.5s ease, transform 0.5s ease;\r\n  }\r\n\r\n  .carousel-slide:hover img {\r\n    filter: grayscale(0%) opacity(1);\r\n    transform: scale(1.05);\r\n  }\r\n\r\n  @keyframes scroll {\r\n    0% {\r\n      transform: translateX(0);\r\n    }\r\n    100% {\r\n      transform: translateX(-50%);\r\n    }\r\n  }\r\n\r\n  \/* Responsividade *\/\r\n  @media (max-width: 768px) {\r\n    .carousel-slide {\r\n      width: 90px;\r\n      height: 90px;\r\n      margin: 0 15px;\r\n    }\r\n    .carousel-container {\r\n      height: 110px;\r\n    }\r\n  }\r\n\r\n  @media (min-width: 1500px) {\r\n    .carousel-slide {\r\n      width: 200px;\r\n      height: 200px;\r\n      margin: 0 40px;\r\n    }\r\n    .carousel-container {\r\n      height: 220px;\r\n    }\r\n  }\r\n<\/style>\r\n\r\n<div class=\"carousel-container\">\r\n  <div class=\"carousel-track\">\r\n    <!-- MUITAS repeti\u00e7\u00f5es para n\u00e3o sobrar espa\u00e7o em branco -->\r\n    <div class=\"carousel-slide\"><img decoding=\"async\" src=\"https:\/\/sitexis.com.br\/silvanalages\/wp-content\/uploads\/2026\/02\/Unimed_institucional.png\" alt=\"Pol\u00edcia\"><\/div>\r\n    <div class=\"carousel-slide\"><img decoding=\"async\" src=\"https:\/\/sitexis.com.br\/silvanalages\/wp-content\/uploads\/2026\/02\/Correios_2014.svg\" alt=\"INSS\"><\/div>\r\n    <div class=\"carousel-slide\"><img decoding=\"async\" src=\"https:\/\/sitexis.com.br\/silvanalages\/wp-content\/uploads\/2026\/02\/Toyota_Symbol.svg-scaled.png\" alt=\"J&T Express\"><\/div>\r\n    <div class=\"carousel-slide\"><img decoding=\"async\" src=\"https:\/\/sitexis.com.br\/silvanalages\/wp-content\/uploads\/2026\/02\/Sebrae.svg\" alt=\"Caixa Econ\u00f4mica\"><\/div>    <div class=\"carousel-slide\"><img decoding=\"async\" src=\"https:\/\/sitexis.com.br\/silvanalages\/wp-content\/uploads\/2026\/02\/Unimed_institucional.png\" alt=\"Pol\u00edcia\"><\/div>\r\n    <div class=\"carousel-slide\"><img decoding=\"async\" src=\"https:\/\/sitexis.com.br\/silvanalages\/wp-content\/uploads\/2026\/02\/Correios_2014.svg\" alt=\"INSS\"><\/div>\r\n    <div class=\"carousel-slide\"><img decoding=\"async\" src=\"https:\/\/sitexis.com.br\/silvanalages\/wp-content\/uploads\/2026\/02\/Toyota_Symbol.svg-scaled.png\" alt=\"J&T Express\"><\/div>\r\n    <div class=\"carousel-slide\"><img decoding=\"async\" src=\"https:\/\/sitexis.com.br\/silvanalages\/wp-content\/uploads\/2026\/02\/Sebrae.svg\" alt=\"Caixa Econ\u00f4mica\"><\/div>    <div class=\"carousel-slide\"><img decoding=\"async\" src=\"https:\/\/sitexis.com.br\/silvanalages\/wp-content\/uploads\/2026\/02\/Unimed_institucional.png\" alt=\"Pol\u00edcia\"><\/div>\r\n    <div class=\"carousel-slide\"><img decoding=\"async\" src=\"https:\/\/sitexis.com.br\/silvanalages\/wp-content\/uploads\/2026\/02\/Correios_2014.svg\" alt=\"INSS\"><\/div>\r\n    <div class=\"carousel-slide\"><img decoding=\"async\" src=\"https:\/\/sitexis.com.br\/silvanalages\/wp-content\/uploads\/2026\/02\/Toyota_Symbol.svg-scaled.png\" alt=\"J&T Express\"><\/div>\r\n    <div class=\"carousel-slide\"><img decoding=\"async\" src=\"https:\/\/sitexis.com.br\/silvanalages\/wp-content\/uploads\/2026\/02\/Sebrae.svg\" alt=\"Caixa Econ\u00f4mica\"><\/div>    <div class=\"carousel-slide\"><img decoding=\"async\" src=\"https:\/\/sitexis.com.br\/silvanalages\/wp-content\/uploads\/2026\/02\/Unimed_institucional.png\" alt=\"Pol\u00edcia\"><\/div>\r\n    <div class=\"carousel-slide\"><img decoding=\"async\" src=\"https:\/\/sitexis.com.br\/silvanalages\/wp-content\/uploads\/2026\/02\/Correios_2014.svg\" alt=\"INSS\"><\/div>\r\n    <div class=\"carousel-slide\"><img decoding=\"async\" src=\"https:\/\/sitexis.com.br\/silvanalages\/wp-content\/uploads\/2026\/02\/Toyota_Symbol.svg-scaled.png\" alt=\"J&T Express\"><\/div>\r\n    <div class=\"carousel-slide\"><img decoding=\"async\" src=\"https:\/\/sitexis.com.br\/silvanalages\/wp-content\/uploads\/2026\/02\/Sebrae.svg\" alt=\"Caixa Econ\u00f4mica\"><\/div>\r\n\r\n  <\/div>\r\n<\/div>\r\n\t\t\t\t<\/div>\n\t\t\t\t\t<\/div>\n\t\t\t\t<\/div>\n\t\t<div class=\"elementor-element elementor-element-3d8921e e-flex e-con-boxed e-con e-parent\" data-id=\"3d8921e\" data-element_type=\"container\" data-settings=\"{&quot;background_background&quot;:&quot;classic&quot;}\">\n\t\t\t\t\t<div class=\"e-con-inner\">\n\t\t\t\t<div class=\"elementor-element elementor-element-7dc42f6 elementor-widget elementor-widget-heading\" data-id=\"7dc42f6\" data-element_type=\"widget\" data-widget_type=\"heading.default\">\n\t\t\t\t\t<h2 class=\"elementor-heading-title elementor-size-default\">Quer entender como esse trabalho pode ser aplicado na sua empresa?\n<\/h2>\t\t\t\t<\/div>\n\t\t\t\t<div class=\"elementor-element elementor-element-81c3a77 elementor-widget elementor-widget-html\" data-id=\"81c3a77\" data-element_type=\"widget\" data-widget_type=\"html.default\">\n\t\t\t\t\t<hr class=\"hr-diagonal\">\t\t\t\t<\/div>\n\t\t\t\t<div class=\"elementor-element elementor-element-4ef8355 elementor-widget elementor-widget-text-editor\" data-id=\"4ef8355\" data-element_type=\"widget\" data-widget_type=\"text-editor.default\">\n\t\t\t\t\t\t\t\t\t<p><b>Conhe\u00e7a as palestras corporativas.<\/b><\/p>\t\t\t\t\t\t\t\t<\/div>\n\t\t\t\t<div class=\"elementor-element elementor-element-78af736 elementor-widget elementor-widget-html\" data-id=\"78af736\" data-element_type=\"widget\" data-widget_type=\"html.default\">\n\t\t\t\t\t<button class=\"button\">\r\n  Clique Aqui\r\n<\/button>\t\t\t\t<\/div>\n\t\t\t\t\t<\/div>\n\t\t\t\t<\/div>\n\t\t\t\t<\/div>\n\t\t","protected":false},"excerpt":{"rendered":"<p>Nossos Clientes Empresas n\u00e3o contratam palestras apenas por conte\u00fado.Elas contratam seguran\u00e7a, alinhamento e impacto real. Empresas n\u00e3o contratam palestras apenas por conte\u00fado. Elas contratam seguran\u00e7a, alinhamento e impacto real. Ao longo de mais de 20 anos de atua\u00e7\u00e3o, Silvana Lages j\u00e1 foi contratada por empresas de diferentes portes e segmentos para desenvolver pessoas, fortalecer posicionamento [&hellip;]<\/p>\n","protected":false},"author":1,"featured_media":0,"parent":0,"menu_order":0,"comment_status":"closed","ping_status":"closed","template":"","meta":{"footnotes":""},"class_list":["post-58","page","type-page","status-publish","hentry"],"_links":{"self":[{"href":"https:\/\/sitexis.com.br\/silvanalages\/wp-json\/wp\/v2\/pages\/58","targetHints":{"allow":["GET"]}}],"collection":[{"href":"https:\/\/sitexis.com.br\/silvanalages\/wp-json\/wp\/v2\/pages"}],"about":[{"href":"https:\/\/sitexis.com.br\/silvanalages\/wp-json\/wp\/v2\/types\/page"}],"author":[{"embeddable":true,"href":"https:\/\/sitexis.com.br\/silvanalages\/wp-json\/wp\/v2\/users\/1"}],"replies":[{"embeddable":true,"href":"https:\/\/sitexis.com.br\/silvanalages\/wp-json\/wp\/v2\/comments?post=58"}],"version-history":[{"count":43,"href":"https:\/\/sitexis.com.br\/silvanalages\/wp-json\/wp\/v2\/pages\/58\/revisions"}],"predecessor-version":[{"id":1709,"href":"https:\/\/sitexis.com.br\/silvanalages\/wp-json\/wp\/v2\/pages\/58\/revisions\/1709"}],"wp:attachment":[{"href":"https:\/\/sitexis.com.br\/silvanalages\/wp-json\/wp\/v2\/media?parent=58"}],"curies":[{"name":"wp","href":"https:\/\/api.w.org\/{rel}","templated":true}]}}